{"id":184,"date":"2015-03-26T09:45:09","date_gmt":"2015-03-26T08:45:09","guid":{"rendered":"http:\/\/www.lapetiteloiterie.fr\/lpl\/acteurs-2\/comite\/"},"modified":"2025-09-01T18:16:24","modified_gmt":"2025-09-01T16:16:24","slug":"comite","status":"publish","type":"page","link":"https:\/\/www.lapetiteloiterie.fr\/lpl\/acteurs\/comite\/","title":{"rendered":"Le comit\u00e9 scientifique et technique"},"content":{"rendered":"<p>Ce comit\u00e9, aussi nomm\u00e9 Comit\u00e9 de Pilotage, a vu le jour en f\u00e9vrier 1996, gr\u00e2ce \u00e0 des relations amicales et professionnelles, et regroupe des sp\u00e9cialistes reconnus de la profession, qui forment un ensemble de comp\u00e9tences tr\u00e8s large. Il est aujourd&rsquo;hui compos\u00e9 de\u00a0:<\/p>\n<ul>\n<li>Pierre Aversenq, expert arboricole et phyto-pathologiste\u00a0;<\/li>\n<li>Corinne Bourgery, ing\u00e9nieur agronome, sp\u00e9cialiste de l&rsquo;arboriculture d&rsquo;ornement\u00a0;<\/li>\n<li>Yves Caraglio, ing\u00e9nieur agronome, enseignant chercheur, botaniste\u00a0;<\/li>\n<li>Olivier Damas,ing\u00e9nieur agronome, sp\u00e9cialiste des sols\u00a0;<\/li>\n<li>G\u00e9rard Dum\u00e9, ing\u00e9nieur agronome, docteur en \u00e9cologie, \u00e9cologie et p\u00e9dologie foresti\u00e8res\u00a0;<\/li>\n<li>Fran\u00e7ois Freytet, ing\u00e9nieur forestier\u00a0;<\/li>\n<li>Jacques G\u00e9rard, botaniste, propri\u00e9taire de l&rsquo;Arboretum de La Fosse\u00a0;<\/li>\n<li>Dominique Mansion, artiste, illustrateur, naturaliste\u00a0;<\/li>\n<li>Jean-Pierre Prime, architecte paysagiste, sp\u00e9cialiste des parcs historiques ;<\/li>\n<li>Jac Boutaud et Annie Imbaud, les <a href=\"http:\/\/www.lapetiteloiterie.fr\/lpl\/acteurs\/createurs\/\">cr\u00e9ateurs<\/a> de l&rsquo;arboretum\u00a0;<\/li>\n<li>Camille Boutaud, enseignante\u00a0;<\/li>\n<li>Antoine Boutaud, agriculteur intermittent\u00a0;<\/li>\n<li>Aur\u00e9lie Ferret, enseignante.<\/li>\n<\/ul>\n<p>Deux membres du comit\u00e9 sont maintenant partis vers d&rsquo;autres horizons professionnels\u00a0:<\/p>\n<ul>\n<li>Christophe Dr\u00e9nou, docteur en architecture v\u00e9g\u00e9tale, ing\u00e9nieur en biologie de l&rsquo;arbre\u00a0;<\/li>\n<li>Pascal Pinel, ing\u00e9nieur horticole, sp\u00e9cialiste des v\u00e9g\u00e9taux de p\u00e9pini\u00e8re.<\/li>\n<\/ul>\n<p>L&rsquo;un des membres nous a h\u00e9las quitt\u00e9 d\u00e9finitivement\u00a0en 2020&nbsp;:<\/p>\n<ul>\n<li>Pierre Cruiziat, docteur en biologie v\u00e9g\u00e9tale, directeur de recherche \u00e0 l&rsquo;INRA, sp\u00e9cialiste de l&rsquo;eau dans la plante, d\u00e9c\u00e9d\u00e9 des suites d&rsquo;une longue maladie.<\/li>\n<\/ul>\n<p>C&rsquo;est essentiellement la passion des arbres et l&rsquo;enthousiasme qui rassemblent ces personnes autour de l&rsquo;arboretum de la Petite Loiterie.<br \/>\nLes membres du comit\u00e9 composent le noyau de l&rsquo;association <a href=\"http:\/\/www.lapetiteloiterie.fr\/lpl\/acteurs\/papou\/\">Pour que l&rsquo;Arboretum POUsse<\/a>.<\/p>\n<p>Le comit\u00e9\u00a0:<\/p>\n<ul>\n<li>discute des grandes orientations,<\/li>\n<li>apporte ses comp\u00e9tences sp\u00e9cifiques en fonction des besoins,<\/li>\n<li>assure le lien entre le monde scientifique et l&rsquo;arboretum,<\/li>\n<li>constitue une super chouette bande de bons copains\u00a0!<\/li>\n<\/ul>\n","protected":false},"excerpt":{"rendered":"<p>Ce comit\u00e9, aussi nomm\u00e9 Comit\u00e9 de Pilotage, a vu le jour en f\u00e9vrier 1996, gr\u00e2ce \u00e0 des relations amicales et professionnelles, et regroupe des sp\u00e9cialistes reconnus de la profession, qui forment un ensemble de comp\u00e9tences tr\u00e8s large. Il est aujourd&rsquo;hui compos\u00e9 de\u00a0: Pierre Aversenq, expert arboricole et phyto-pathologiste\u00a0; Corinne Bourgery, ing\u00e9nieur agronome, sp\u00e9cialiste de l&rsquo;arboriculture [&hellip;]<\/p>\n","protected":false},"author":1,"featured_media":693,"parent":31,"menu_order":3,"comment_status":"closed","ping_status":"closed","template":"","meta":{"footnotes":""},"class_list":["post-184","page","type-page","status-publish","has-post-thumbnail","hentry"],"_links":{"self":[{"href":"https:\/\/www.lapetiteloiterie.fr\/lpl\/wp-json\/wp\/v2\/pages\/184","targetHints":{"allow":["GET"]}}],"collection":[{"href":"https:\/\/www.lapetiteloiterie.fr\/lpl\/wp-json\/wp\/v2\/pages"}],"about":[{"href":"https:\/\/www.lapetiteloiterie.fr\/lpl\/wp-json\/wp\/v2\/types\/page"}],"author":[{"embeddable":true,"href":"https:\/\/www.lapetiteloiterie.fr\/lpl\/wp-json\/wp\/v2\/users\/1"}],"replies":[{"embeddable":true,"href":"https:\/\/www.lapetiteloiterie.fr\/lpl\/wp-json\/wp\/v2\/comments?post=184"}],"version-history":[{"count":14,"href":"https:\/\/www.lapetiteloiterie.fr\/lpl\/wp-json\/wp\/v2\/pages\/184\/revisions"}],"predecessor-version":[{"id":3568,"href":"https:\/\/www.lapetiteloiterie.fr\/lpl\/wp-json\/wp\/v2\/pages\/184\/revisions\/3568"}],"up":[{"embeddable":true,"href":"https:\/\/www.lapetiteloiterie.fr\/lpl\/wp-json\/wp\/v2\/pages\/31"}],"wp:featuredmedia":[{"embeddable":true,"href":"https:\/\/www.lapetiteloiterie.fr\/lpl\/wp-json\/wp\/v2\/media\/693"}],"wp:attachment":[{"href":"https:\/\/www.lapetiteloiterie.fr\/lpl\/wp-json\/wp\/v2\/media?parent=184"}],"curies":[{"name":"wp","href":"https:\/\/api.w.org\/{rel}","templated":true}]}}

Le comité scientifique et technique

<p>Ce comité, aussi nommé Comité de Pilotage, a vu le jour en février 1996, grâce à des relations amicales et professionnelles, et regroupe des spécialistes reconnus de la profession, qui forment un ensemble de compétences très large. Il est aujourd&rsquo;hui composé de :</p>
<ul>
<li>Pierre Aversenq, expert arboricole et phyto-pathologiste ;</li>
<li>Corinne Bourgery, ingénieur agronome, spécialiste de l&rsquo;arboriculture d&rsquo;ornement ;</li>
<li>Yves Caraglio, ingénieur agronome, enseignant chercheur, botaniste ;</li>
<li>Olivier Damas,ingénieur agronome, spécialiste des sols ;</li>
<li>Gérard Dumé, ingénieur agronome, docteur en écologie, écologie et pédologie forestières ;</li>
<li>François Freytet, ingénieur forestier ;</li>
<li>Jacques Gérard, botaniste, propriétaire de l&rsquo;Arboretum de La Fosse ;</li>
<li>Dominique Mansion, artiste, illustrateur, naturaliste ;</li>
<li>Jean-Pierre Prime, architecte paysagiste, spécialiste des parcs historiques ;</li>
<li>Jac Boutaud et Annie Imbaud, les <a href="http://www.lapetiteloiterie.fr/lpl/acteurs/createurs/">créateurs</a> de l&rsquo;arboretum ;</li>
<li>Camille Boutaud, enseignante ;</li>
<li>Antoine Boutaud, agriculteur intermittent ;</li>
<li>Aurélie Ferret, enseignante.</li>
</ul>
<p>Deux membres du comité sont maintenant partis vers d&rsquo;autres horizons professionnels :</p>
<ul>
<li>Christophe Drénou, docteur en architecture végétale, ingénieur en biologie de l&rsquo;arbre ;</li>
<li>Pascal Pinel, ingénieur horticole, spécialiste des végétaux de pépinière.</li>
</ul>
<p>L&rsquo;un des membres nous a hélas quitté définitivement en 2020&nbsp;:</p>
<ul>
<li>Pierre Cruiziat, docteur en biologie végétale, directeur de recherche à l&rsquo;INRA, spécialiste de l&rsquo;eau dans la plante, décédé des suites d&rsquo;une longue maladie.</li>
</ul>
<p>C&rsquo;est essentiellement la passion des arbres et l&rsquo;enthousiasme qui rassemblent ces personnes autour de l&rsquo;arboretum de la Petite Loiterie.<br />
Les membres du comité composent le noyau de l&rsquo;association <a href="http://www.lapetiteloiterie.fr/lpl/acteurs/papou/">Pour que l&rsquo;Arboretum POUsse</a>.</p>
<p>Le comité :</p>
<ul>
<li>discute des grandes orientations,</li>
<li>apporte ses compétences spécifiques en fonction des besoins,</li>
<li>assure le lien entre le monde scientifique et l&rsquo;arboretum,</li>
<li>constitue une super chouette bande de bons copains !</li>
</ul>

<p>Ce comité, aussi nommé Comité de Pilotage, a vu le jour en février 1996, grâce à des relations amicales et professionnelles, et regroupe des spécialistes reconnus de la profession, qui forment un ensemble de compétences très large. Il est aujourd&rsquo;hui composé de : Pierre Aversenq, expert arboricole et phyto-pathologiste ; Corinne Bourgery, ingénieur agronome, spécialiste de l&rsquo;arboriculture [&hellip;]</p>
