{"id":186,"date":"2015-03-26T09:45:09","date_gmt":"2015-03-26T08:45:09","guid":{"rendered":"http:\/\/www.lapetiteloiterie.fr\/lpl\/acteurs-2\/mecenes\/"},"modified":"2023-01-27T17:11:40","modified_gmt":"2023-01-27T16:11:40","slug":"mecenes","status":"publish","type":"page","link":"https:\/\/www.lapetiteloiterie.fr\/lpl\/acteurs\/mecenes\/","title":{"rendered":"Les m\u00e9c\u00e8nes"},"content":{"rendered":"<p>A ce jour, l&rsquo;arboretum a b\u00e9n\u00e9fici\u00e9 de l&rsquo;aide de plusieurs m\u00e9c\u00e8nes&nbsp;:<\/p>\n<h2><a href=\"https:\/\/www.pellenc.com\" target=\"_blank\" rel=\"noopener noreferrer\">Pellenc<\/a><\/h2>\n<p><a href=\"https:\/\/www.pellenc.com\" target=\"_blank\" rel=\"noopener noreferrer\"><img loading=\"lazy\" decoding=\"async\" class=\"alignleft size-full wp-image-1061 logo\" src=\"https:\/\/www.lapetiteloiterie.fr\/lpl\/wp-content\/uploads\/201703_LOGO_PELLENC-SA_GRIS-FONCE_QUADRI.png\" srcset=\"https:\/\/www.lapetiteloiterie.fr\/lpl\/wp-content\/uploads\/201703_LOGO_PELLENC-SA_GRIS-FONCE_QUADRI.png 205w\" alt=\"Pellenc\" data-sizes=\"(max-width: 205px) 100vw, 205px\" width=\"205\" height=\"75\"\/><\/a>La soci\u00e9t\u00e9 Pellenc, sp\u00e9cialiste du mat\u00e9riel pour l&rsquo;arboriculture, la viticulture et les espaces verts, a fourni gracieusement en 2023 un s\u00e9cateur \u00e9lectrique C45 et sa batterie, avec un d\u00e9placement \u00e0 l&rsquo;arboretum du repr\u00e9sentant r\u00e9gional pour sa mise en route.<\/p>\n<h2><a href=\"http:\/\/www.stihl.fr\/\" target=\"_blank\" rel=\"noopener noreferrer\">Stihl<\/a><\/h2>\n<p><a href=\"http:\/\/www.stihl.fr\/\" target=\"_blank\" rel=\"noopener noreferrer\"><img loading=\"lazy\" decoding=\"async\" class=\"alignleft size-full wp-image-1061 logo\" src=\"http:\/\/www.lapetiteloiterie.fr\/lpl\/wp-content\/uploads\/Stihl.png\" srcset=\"http:\/\/www.lapetiteloiterie.fr\/lpl\/wp-content\/uploads\/Stihl.png 205w\" alt=\"Stihl\" data-sizes=\"(max-width: 205px) 100vw, 205px\" width=\"205\" height=\"75\"\/><\/a>La soci\u00e9t\u00e9 Stihl a fourni gracieusement en 1999, 2008, et 2013 du mat\u00e9riel d&rsquo;entretien (d\u00e9broussailleuses, taille-haie, tron\u00e7onneuse, taille-haie sur perche).<\/p>\n<h2><a href=\"http:\/\/www.kubota.fr\" target=\"_blank\" rel=\"noopener noreferrer\">Kubota<\/a><\/h2>\n<p><a href=\"http:\/\/www.kubota.fr\" target=\"_blank\" rel=\"noopener noreferrer\"><img loading=\"lazy\" decoding=\"async\" class=\"alignleft size-full wp-image-1068 logo\" src=\"http:\/\/www.lapetiteloiterie.fr\/lpl\/wp-content\/uploads\/logo_kubota.jpg\" srcset=\"http:\/\/www.lapetiteloiterie.fr\/lpl\/wp-content\/uploads\/logo_kubota.jpg 180w\" alt=\"logo_kubota\" data-sizes=\"(max-width: 180px) 100vw, 180px\" width=\"180\" height=\"53\"\/><\/a>Le concessionnaire local Kubota, les \u00e9tablissements Lejeau (Ballan-Mir\u00e9, 37), ont accord\u00e9 une remise importante lors de l&rsquo;achat par l&rsquo;association <a href=\"http:\/\/www.lapetiteloiterie.fr\/lpl\/acteurs\/papou\/\">PAPOU<\/a> de tondeuses autoport\u00e9es.<\/p>\n<h2><a href=\"http:\/\/www.andre-briant.fr\/\" target=\"_blank\" rel=\"noopener noreferrer\">P\u00e9pini\u00e8res Andr\u00e9 Briant Jeunes plants<\/a><\/h2>\n<p><a href=\"http:\/\/www.andre-briant.fr\/\" target=\"_blank\" rel=\"noopener noreferrer\"><img loading=\"lazy\" decoding=\"async\" class=\"alignleft size-full wp-image-1070 logo\" src=\"http:\/\/www.lapetiteloiterie.fr\/lpl\/wp-content\/uploads\/abriant.jpg\" srcset=\"http:\/\/www.lapetiteloiterie.fr\/lpl\/wp-content\/uploads\/abriant.jpg 186w\" alt=\"abriant\" data-sizes=\"(max-width: 186px) 100vw, 186px\" width=\"186\" height=\"109\"\/><\/a>Les p\u00e9pini\u00e8res Andr\u00e9 Briant ont offert des jeunes plants d&rsquo;arbustes, dans la continuit\u00e9 de leur m\u00e9c\u00e9nat de l&rsquo;<a title=\"Exp\u00e9rimentation sur la taille des arbustes\" href=\"http:\/\/www.lapetiteloiterie.fr\/lpl\/suivis_etudes\/exp_arbustes\/\">exp\u00e9rimentation sur la taille des arbustes<\/a><\/p>\n<h2><a href=\"https:\/\/www.credit-agricole.fr\/ca-tourainepoitou\/particulier\/agence\/touraine-poitou\/chateau-renault-5007.html\" target=\"_blank\" rel=\"noopener noreferrer\">Cr\u00e9dit Agricole<\/a><\/h2>\n<p><a href=\"https:\/\/www.credit-agricole.fr\/ca-tourainepoitou\/particulier\/agence\/touraine-poitou\/chateau-renault-5007.html\" target=\"_blank\" rel=\"noopener noreferrer\"><img loading=\"lazy\" decoding=\"async\" class=\"alignleft size-medium wp-image-1071 logo\" src=\"http:\/\/www.lapetiteloiterie.fr\/lpl\/wp-content\/uploads\/logo_creditagricole-320x160.png\" srcset=\"http:\/\/www.lapetiteloiterie.fr\/lpl\/wp-content\/uploads\/logo_creditagricole-320x160.png 320w, http:\/\/www.lapetiteloiterie.fr\/lpl\/wp-content\/uploads\/logo_creditagricole.png 320w\" alt=\"logo_creditagricole\" data-sizes=\"(max-width: 320px) 100vw, 320px\" width=\"320\" height=\"160\"\/><\/a>La caisse locale du Cr\u00e9dit Agricole de Ch\u00e2teau-Renault a particip\u00e9 au financement de la journ\u00e9e de pr\u00e9-inauguration de l&rsquo;arboretum en 1998.<br \/>\nPar ailleurs, en 2003, la caisse locale a attribu\u00e9 \u00e0 l&rsquo;arboretum le prix des Initiatives locales innovantes, assorti d&rsquo;un don.<\/p>\n<h2>Lion\u2019s Club<\/h2>\n<p><img loading=\"lazy\" decoding=\"async\" class=\"alignleft size-full wp-image-1072 logo\" src=\"http:\/\/www.lapetiteloiterie.fr\/lpl\/wp-content\/uploads\/lions.jpg\" srcset=\"http:\/\/www.lapetiteloiterie.fr\/lpl\/wp-content\/uploads\/lions.jpg 232w\" alt=\"Logo du Lions Club\" data-sizes=\"(max-width: 232px) 100vw, 232px\" width=\"232\" height=\"217\"\/>Le Lion\u2019s Club de Ch\u00e2teau-Renault, dans le cadre de ses actions li\u00e9es \u00e0 l\u2019environnement, a fait en 1996 un don \u00e0 l&rsquo;arboretum pour aider \u00e0 l\u2019achat de plants.<\/p>\n","protected":false},"excerpt":{"rendered":"<p>A ce jour, l&rsquo;arboretum a b\u00e9n\u00e9fici\u00e9 de l&rsquo;aide de plusieurs m\u00e9c\u00e8nes&nbsp;: Pellenc La soci\u00e9t\u00e9 Pellenc, sp\u00e9cialiste du mat\u00e9riel pour l&rsquo;arboriculture, la viticulture et les espaces verts, a fourni gracieusement en 2023 un s\u00e9cateur \u00e9lectrique C45 et sa batterie, avec un d\u00e9placement \u00e0 l&rsquo;arboretum du repr\u00e9sentant r\u00e9gional pour sa mise en route. Stihl La soci\u00e9t\u00e9 Stihl [&hellip;]<\/p>\n","protected":false},"author":1,"featured_media":694,"parent":31,"menu_order":6,"comment_status":"closed","ping_status":"closed","template":"","meta":{"footnotes":""},"class_list":["post-186","page","type-page","status-publish","has-post-thumbnail","hentry"],"_links":{"self":[{"href":"https:\/\/www.lapetiteloiterie.fr\/lpl\/wp-json\/wp\/v2\/pages\/186","targetHints":{"allow":["GET"]}}],"collection":[{"href":"https:\/\/www.lapetiteloiterie.fr\/lpl\/wp-json\/wp\/v2\/pages"}],"about":[{"href":"https:\/\/www.lapetiteloiterie.fr\/lpl\/wp-json\/wp\/v2\/types\/page"}],"author":[{"embeddable":true,"href":"https:\/\/www.lapetiteloiterie.fr\/lpl\/wp-json\/wp\/v2\/users\/1"}],"replies":[{"embeddable":true,"href":"https:\/\/www.lapetiteloiterie.fr\/lpl\/wp-json\/wp\/v2\/comments?post=186"}],"version-history":[{"count":16,"href":"https:\/\/www.lapetiteloiterie.fr\/lpl\/wp-json\/wp\/v2\/pages\/186\/revisions"}],"predecessor-version":[{"id":3066,"href":"https:\/\/www.lapetiteloiterie.fr\/lpl\/wp-json\/wp\/v2\/pages\/186\/revisions\/3066"}],"up":[{"embeddable":true,"href":"https:\/\/www.lapetiteloiterie.fr\/lpl\/wp-json\/wp\/v2\/pages\/31"}],"wp:featuredmedia":[{"embeddable":true,"href":"https:\/\/www.lapetiteloiterie.fr\/lpl\/wp-json\/wp\/v2\/media\/694"}],"wp:attachment":[{"href":"https:\/\/www.lapetiteloiterie.fr\/lpl\/wp-json\/wp\/v2\/media?parent=186"}],"curies":[{"name":"wp","href":"https:\/\/api.w.org\/{rel}","templated":true}]}}

Les mécènes

<p>A ce jour, l&rsquo;arboretum a bénéficié de l&rsquo;aide de plusieurs mécènes&nbsp;:</p>
<h2><a href="https://www.pellenc.com" target="_blank" rel="noopener noreferrer">Pellenc</a></h2>
<p><a href="https://www.pellenc.com" target="_blank" rel="noopener noreferrer"><img loading="lazy" decoding="async" class="alignleft size-full wp-image-1061 logo" src="https://www.lapetiteloiterie.fr/lpl/wp-content/uploads/201703_LOGO_PELLENC-SA_GRIS-FONCE_QUADRI.png" srcset="https://www.lapetiteloiterie.fr/lpl/wp-content/uploads/201703_LOGO_PELLENC-SA_GRIS-FONCE_QUADRI.png 205w" alt="Pellenc" data-sizes="(max-width: 205px) 100vw, 205px" width="205" height="75"/></a>La société Pellenc, spécialiste du matériel pour l&rsquo;arboriculture, la viticulture et les espaces verts, a fourni gracieusement en 2023 un sécateur électrique C45 et sa batterie, avec un déplacement à l&rsquo;arboretum du représentant régional pour sa mise en route.</p>
<h2><a href="http://www.stihl.fr/" target="_blank" rel="noopener noreferrer">Stihl</a></h2>
<p><a href="http://www.stihl.fr/" target="_blank" rel="noopener noreferrer"><img loading="lazy" decoding="async" class="alignleft size-full wp-image-1061 logo" src="http://www.lapetiteloiterie.fr/lpl/wp-content/uploads/Stihl.png" srcset="http://www.lapetiteloiterie.fr/lpl/wp-content/uploads/Stihl.png 205w" alt="Stihl" data-sizes="(max-width: 205px) 100vw, 205px" width="205" height="75"/></a>La société Stihl a fourni gracieusement en 1999, 2008, et 2013 du matériel d&rsquo;entretien (débroussailleuses, taille-haie, tronçonneuse, taille-haie sur perche).</p>
<h2><a href="http://www.kubota.fr" target="_blank" rel="noopener noreferrer">Kubota</a></h2>
<p><a href="http://www.kubota.fr" target="_blank" rel="noopener noreferrer"><img loading="lazy" decoding="async" class="alignleft size-full wp-image-1068 logo" src="http://www.lapetiteloiterie.fr/lpl/wp-content/uploads/logo_kubota.jpg" srcset="http://www.lapetiteloiterie.fr/lpl/wp-content/uploads/logo_kubota.jpg 180w" alt="logo_kubota" data-sizes="(max-width: 180px) 100vw, 180px" width="180" height="53"/></a>Le concessionnaire local Kubota, les établissements Lejeau (Ballan-Miré, 37), ont accordé une remise importante lors de l&rsquo;achat par l&rsquo;association <a href="http://www.lapetiteloiterie.fr/lpl/acteurs/papou/">PAPOU</a> de tondeuses autoportées.</p>
<h2><a href="http://www.andre-briant.fr/" target="_blank" rel="noopener noreferrer">Pépinières André Briant Jeunes plants</a></h2>
<p><a href="http://www.andre-briant.fr/" target="_blank" rel="noopener noreferrer"><img loading="lazy" decoding="async" class="alignleft size-full wp-image-1070 logo" src="http://www.lapetiteloiterie.fr/lpl/wp-content/uploads/abriant.jpg" srcset="http://www.lapetiteloiterie.fr/lpl/wp-content/uploads/abriant.jpg 186w" alt="abriant" data-sizes="(max-width: 186px) 100vw, 186px" width="186" height="109"/></a>Les pépinières André Briant ont offert des jeunes plants d&rsquo;arbustes, dans la continuité de leur mécénat de l&rsquo;<a title="Expérimentation sur la taille des arbustes" href="http://www.lapetiteloiterie.fr/lpl/suivis_etudes/exp_arbustes/">expérimentation sur la taille des arbustes</a></p>
<h2><a href="https://www.credit-agricole.fr/ca-tourainepoitou/particulier/agence/touraine-poitou/chateau-renault-5007.html" target="_blank" rel="noopener noreferrer">Crédit Agricole</a></h2>
<p><a href="https://www.credit-agricole.fr/ca-tourainepoitou/particulier/agence/touraine-poitou/chateau-renault-5007.html" target="_blank" rel="noopener noreferrer"><img loading="lazy" decoding="async" class="alignleft size-medium wp-image-1071 logo" src="http://www.lapetiteloiterie.fr/lpl/wp-content/uploads/logo_creditagricole-320x160.png" srcset="http://www.lapetiteloiterie.fr/lpl/wp-content/uploads/logo_creditagricole-320x160.png 320w, http://www.lapetiteloiterie.fr/lpl/wp-content/uploads/logo_creditagricole.png 320w" alt="logo_creditagricole" data-sizes="(max-width: 320px) 100vw, 320px" width="320" height="160"/></a>La caisse locale du Crédit Agricole de Château-Renault a participé au financement de la journée de pré-inauguration de l&rsquo;arboretum en 1998.<br />
Par ailleurs, en 2003, la caisse locale a attribué à l&rsquo;arboretum le prix des Initiatives locales innovantes, assorti d&rsquo;un don.</p>
<h2>Lion’s Club</h2>
<p><img loading="lazy" decoding="async" class="alignleft size-full wp-image-1072 logo" src="http://www.lapetiteloiterie.fr/lpl/wp-content/uploads/lions.jpg" srcset="http://www.lapetiteloiterie.fr/lpl/wp-content/uploads/lions.jpg 232w" alt="Logo du Lions Club" data-sizes="(max-width: 232px) 100vw, 232px" width="232" height="217"/>Le Lion’s Club de Château-Renault, dans le cadre de ses actions liées à l’environnement, a fait en 1996 un don à l&rsquo;arboretum pour aider à l’achat de plants.</p>

<p>A ce jour, l&rsquo;arboretum a bénéficié de l&rsquo;aide de plusieurs mécènes&nbsp;: Pellenc La société Pellenc, spécialiste du matériel pour l&rsquo;arboriculture, la viticulture et les espaces verts, a fourni gracieusement en 2023 un sécateur électrique C45 et sa batterie, avec un déplacement à l&rsquo;arboretum du représentant régional pour sa mise en route. Stihl La société Stihl [&hellip;]</p>
