{"id":195,"date":"2015-03-26T09:45:09","date_gmt":"2015-03-26T08:45:09","guid":{"rendered":"http:\/\/www.lapetiteloiterie.fr\/lpl\/animations\/visitesatheme\/"},"modified":"2017-11-28T09:32:19","modified_gmt":"2017-11-28T08:32:19","slug":"animations","status":"publish","type":"page","link":"https:\/\/www.lapetiteloiterie.fr\/lpl\/activites\/animations\/","title":{"rendered":"Animations"},"content":{"rendered":"<p>Ces animations s&rsquo;adressent \u00e0 un tr\u00e8s large public&nbsp;: jardiniers occasionnels, amateurs \u00e9clair\u00e9s, \u00e9tudiants, professionnels&#8230; Elles proposent de d\u00e9couvrir la tr\u00e8s grande diversit\u00e9 des arbres et arbustes (pr\u00e8s de deux mille vari\u00e9t\u00e9s sur l&rsquo;arboretum), ainsi que les diff\u00e9rentes techniques pour les choisir, les planter, les entretenir.<\/p>\n<p>Elles durent <strong>3h <\/strong>environ, et sont anim\u00e9es par <a href=\"http:\/\/www.lapetiteloiterie.fr\/lpl\/acteurs\/createurs\/#Jac_Boutaud\">Jac Boutaud<\/a>. Un <strong>document synth\u00e9tique<\/strong> traitant du th\u00e8me de l&rsquo;animation est remis \u00e0 chaque participant. Il est aussi possible d&rsquo;\u00e9tudier des essences particuli\u00e8res, \u00e0 la demande des participants.<\/p>\n<p>Sur demande, il est possible d&rsquo;organiser des formations d&rsquo;une journ\u00e9e sur ces m\u00eames th\u00e8mes, pour des groupes. Les sujets sont alors trait\u00e9s de fa\u00e7on approfondie, avec si n\u00e9cessaire une partie en salle.<\/p>\n<p>Pour conna\u00eetre les dates des prochaines animations, consulter l&rsquo;<a href=\"http:\/\/www.lapetiteloiterie.fr\/lpl\/agenda\/\" title=\"Agenda\">agenda<\/a>.<\/p>\n<ul class=\"lcp_catlist\" id=\"lcp_instance_0\"><li><a href=\"https:\/\/www.lapetiteloiterie.fr\/lpl\/art\/01-taille-formation\/\">Janvier&nbsp;: la taille de formation des arbres d\u2019ornement<\/a><a href=\"https:\/\/www.lapetiteloiterie.fr\/lpl\/art\/01-taille-formation\/\" title=\"Janvier&nbsp;: la taille de formation des arbres d\u2019ornement\"><img loading=\"lazy\" decoding=\"async\" width=\"320\" height=\"240\" src=\"https:\/\/www.lapetiteloiterie.fr\/lpl\/wp-content\/uploads\/TailleCerisierTibet-320x240.jpg\" class=\"lcp_thumbnail wp-post-image\" alt=\"Janvier&nbsp;: la taille de formation des arbres d\u2019ornement\" srcset=\"https:\/\/www.lapetiteloiterie.fr\/lpl\/wp-content\/uploads\/TailleCerisierTibet-320x240.jpg 320w, https:\/\/www.lapetiteloiterie.fr\/lpl\/wp-content\/uploads\/TailleCerisierTibet-160x120.jpg 160w\" sizes=\"auto, (max-width: 320px) 100vw, 320px\" title=\"Taille d&#039;un cerisier du Tibet\" \/><\/a><div class=\"lcp_excerpt\">Donner aux jeunes arbres la forme adapt\u00e9e \u00e0 chaque situation\n<\/div><\/li><li><a href=\"https:\/\/www.lapetiteloiterie.fr\/lpl\/art\/02-taille-entretien-arbustes\/\">F\u00e9vrier&nbsp;: la taille d&rsquo;entretien des arbustes d&rsquo;ornement<\/a><a href=\"https:\/\/www.lapetiteloiterie.fr\/lpl\/art\/02-taille-entretien-arbustes\/\" title=\"F\u00e9vrier&nbsp;: la taille d&#039;entretien des arbustes d&#039;ornement\"><img loading=\"lazy\" decoding=\"async\" width=\"320\" height=\"240\" src=\"https:\/\/www.lapetiteloiterie.fr\/lpl\/wp-content\/uploads\/DSC05447-320x240.jpg\" class=\"lcp_thumbnail wp-post-image\" alt=\"F\u00e9vrier&nbsp;: la taille d&#039;entretien des arbustes d&#039;ornement\" srcset=\"https:\/\/www.lapetiteloiterie.fr\/lpl\/wp-content\/uploads\/DSC05447-320x240.jpg 320w, https:\/\/www.lapetiteloiterie.fr\/lpl\/wp-content\/uploads\/DSC05447-160x120.jpg 160w\" sizes=\"auto, (max-width: 320px) 100vw, 320px\" title=\"Quel talent!\" \/><\/a><div class=\"lcp_excerpt\">Adapter la taille selon les esp\u00e8ces, les jardins, et le temps dont on dispose\n<\/div><\/li><li><a href=\"https:\/\/www.lapetiteloiterie.fr\/lpl\/art\/03-floraison-printaniere-1\/\">Mars&nbsp;: les arbres d&rsquo;ornement a\u0300 floraison printanie\u0300re<\/a><a href=\"https:\/\/www.lapetiteloiterie.fr\/lpl\/art\/03-floraison-printaniere-1\/\" title=\"Mars&nbsp;: les arbres d&#039;ornement a\u0300 floraison printanie\u0300re\"><img loading=\"lazy\" decoding=\"async\" width=\"320\" height=\"240\" src=\"https:\/\/www.lapetiteloiterie.fr\/lpl\/wp-content\/uploads\/cerisier_accolade2-320x240.jpg\" class=\"lcp_thumbnail wp-post-image\" alt=\"Mars&nbsp;: les arbres d&#039;ornement a\u0300 floraison printanie\u0300re\" srcset=\"https:\/\/www.lapetiteloiterie.fr\/lpl\/wp-content\/uploads\/cerisier_accolade2-320x240.jpg 320w, https:\/\/www.lapetiteloiterie.fr\/lpl\/wp-content\/uploads\/cerisier_accolade2-160x120.jpg 160w\" sizes=\"auto, (max-width: 320px) 100vw, 320px\" title=\"Un cerisier \u00e0 fleurs : Prunus Accolade\" \/><\/a><div class=\"lcp_excerpt\">D\u00e9couvrir la diversit\u00e9 des arbres fleuris au d\u00e9but du printemps\n<\/div><\/li><li><a href=\"https:\/\/www.lapetiteloiterie.fr\/lpl\/art\/04-arbres_par_tous_les_sens\/\">Avril&nbsp;: les arbres par tous les sens<\/a><a href=\"https:\/\/www.lapetiteloiterie.fr\/lpl\/art\/04-arbres_par_tous_les_sens\/\" title=\"Avril&nbsp;: les arbres par tous les sens\"><img loading=\"lazy\" decoding=\"async\" width=\"320\" height=\"80\" src=\"https:\/\/www.lapetiteloiterie.fr\/lpl\/wp-content\/uploads\/DSC02303-bd.jpg\" class=\"lcp_thumbnail wp-post-image\" alt=\"Avril&nbsp;: les arbres par tous les sens\" srcset=\"https:\/\/www.lapetiteloiterie.fr\/lpl\/wp-content\/uploads\/DSC02303-bd.jpg 1024w, https:\/\/www.lapetiteloiterie.fr\/lpl\/wp-content\/uploads\/DSC02303-bd-320x80.jpg 320w, https:\/\/www.lapetiteloiterie.fr\/lpl\/wp-content\/uploads\/DSC02303-bd-768x192.jpg 768w, https:\/\/www.lapetiteloiterie.fr\/lpl\/wp-content\/uploads\/DSC02303-bd-624x156.jpg 624w\" sizes=\"auto, (max-width: 320px) 100vw, 320px\" title=\"Un rameau de Sumac de Virginie\" \/><\/a><div class=\"lcp_excerpt\">Au-del\u00e0 de la vue, les arbres et arbustes offrent des attraits pour tous les sens&nbsp;!\n<\/div><\/li><li><a href=\"https:\/\/www.lapetiteloiterie.fr\/lpl\/art\/05-arbres-petits-jardins\/\">Mai\u00a0: les arbres d\u2019ornement pour les petits jardins<\/a><a href=\"https:\/\/www.lapetiteloiterie.fr\/lpl\/art\/05-arbres-petits-jardins\/\" title=\"Mai\u00a0: les arbres d\u2019ornement pour les petits jardins\"><img loading=\"lazy\" decoding=\"async\" width=\"320\" height=\"240\" src=\"https:\/\/www.lapetiteloiterie.fr\/lpl\/wp-content\/uploads\/DSC02209-320x240.jpg\" class=\"lcp_thumbnail wp-post-image\" alt=\"Mai\u00a0: les arbres d\u2019ornement pour les petits jardins\" srcset=\"https:\/\/www.lapetiteloiterie.fr\/lpl\/wp-content\/uploads\/DSC02209-320x240.jpg 320w, https:\/\/www.lapetiteloiterie.fr\/lpl\/wp-content\/uploads\/DSC02209-160x120.jpg 160w\" sizes=\"auto, (max-width: 320px) 100vw, 320px\" title=\"Albizzia julibrissin\" \/><\/a><div class=\"lcp_excerpt\">&nbsp;\n<\/div><\/li><li><a href=\"https:\/\/www.lapetiteloiterie.fr\/lpl\/art\/06-reconnaissance\/\">Juin\u00a0: la reconnaissance des arbres et arbustes<\/a><a href=\"https:\/\/www.lapetiteloiterie.fr\/lpl\/art\/06-reconnaissance\/\" title=\"Juin\u00a0: la reconnaissance des arbres et arbustes\"><img loading=\"lazy\" decoding=\"async\" width=\"320\" height=\"240\" src=\"https:\/\/www.lapetiteloiterie.fr\/lpl\/wp-content\/uploads\/DSCF1348-320x240.jpg\" class=\"lcp_thumbnail wp-post-image\" alt=\"Juin\u00a0: la reconnaissance des arbres et arbustes\" srcset=\"https:\/\/www.lapetiteloiterie.fr\/lpl\/wp-content\/uploads\/DSCF1348-320x240.jpg 320w, https:\/\/www.lapetiteloiterie.fr\/lpl\/wp-content\/uploads\/DSCF1348-160x120.jpg 160w\" sizes=\"auto, (max-width: 320px) 100vw, 320px\" title=\"Le fameux pommier \u00e0 feuilles d&#039;\u00e9rables, Malus trilobata...\" \/><\/a><div class=\"lcp_excerpt\">Apprendre de fac\u0327on ludique a\u0300 reconnai\u0302tre les ve\u0301ge\u0301taux de nos jardins\n<\/div><\/li><li><a href=\"https:\/\/www.lapetiteloiterie.fr\/lpl\/art\/07-geographie\/\">Juillet\u00a0: l\u2019origine g\u00e9ographique des arbres<\/a><a href=\"https:\/\/www.lapetiteloiterie.fr\/lpl\/art\/07-geographie\/\" title=\"Juillet\u00a0: l\u2019origine g\u00e9ographique des arbres\"><img loading=\"lazy\" decoding=\"async\" width=\"320\" height=\"80\" src=\"https:\/\/www.lapetiteloiterie.fr\/lpl\/wp-content\/uploads\/DSC05830.jpg\" class=\"lcp_thumbnail wp-post-image\" alt=\"Juillet\u00a0: l\u2019origine g\u00e9ographique des arbres\" srcset=\"https:\/\/www.lapetiteloiterie.fr\/lpl\/wp-content\/uploads\/DSC05830.jpg 1024w, https:\/\/www.lapetiteloiterie.fr\/lpl\/wp-content\/uploads\/DSC05830-320x80.jpg 320w, https:\/\/www.lapetiteloiterie.fr\/lpl\/wp-content\/uploads\/DSC05830-768x192.jpg 768w, https:\/\/www.lapetiteloiterie.fr\/lpl\/wp-content\/uploads\/DSC05830-624x156.jpg 624w\" sizes=\"auto, (max-width: 320px) 100vw, 320px\" title=\"\u00c9corce du bouleau de l&#039;Himalaya\" \/><\/a><div class=\"lcp_excerpt\">Promenade arbor\u00e9e a\u0300 travers les continents\n<\/div><\/li><li><a href=\"https:\/\/www.lapetiteloiterie.fr\/lpl\/art\/08-arbres-chgt-climat\/\">Ao\u00fbt&nbsp;: les arbres d&rsquo;ornement adapte\u0301s au changement climatique<\/a><a href=\"https:\/\/www.lapetiteloiterie.fr\/lpl\/art\/08-arbres-chgt-climat\/\" title=\"Ao\u00fbt&nbsp;: les arbres d&#039;ornement adapte\u0301s au changement climatique\"><img loading=\"lazy\" decoding=\"async\" width=\"320\" height=\"80\" src=\"https:\/\/www.lapetiteloiterie.fr\/lpl\/wp-content\/uploads\/DSC03454-b.jpg\" class=\"lcp_thumbnail wp-post-image\" alt=\"Ao\u00fbt&nbsp;: les arbres d&#039;ornement adapte\u0301s au changement climatique\" srcset=\"https:\/\/www.lapetiteloiterie.fr\/lpl\/wp-content\/uploads\/DSC03454-b.jpg 1024w, https:\/\/www.lapetiteloiterie.fr\/lpl\/wp-content\/uploads\/DSC03454-b-320x80.jpg 320w, https:\/\/www.lapetiteloiterie.fr\/lpl\/wp-content\/uploads\/DSC03454-b-768x192.jpg 768w, https:\/\/www.lapetiteloiterie.fr\/lpl\/wp-content\/uploads\/DSC03454-b-624x156.jpg 624w\" sizes=\"auto, (max-width: 320px) 100vw, 320px\" title=\"C\u00e8dre de l&#039;Atlas\" \/><\/a><div class=\"lcp_excerpt\">Comment tenir compte de l&rsquo;e\u0301volution du climat pour choisir les arbres a\u0300 planter et les entretenir&nbsp;?\n<\/div><\/li><li><a href=\"https:\/\/www.lapetiteloiterie.fr\/lpl\/art\/09-arbres-comestibles\/\">Septembre\u00a0: les arbres et arbustes comestibles<\/a><a href=\"https:\/\/www.lapetiteloiterie.fr\/lpl\/art\/09-arbres-comestibles\/\" title=\"Septembre\u00a0: les arbres et arbustes comestibles\"><img loading=\"lazy\" decoding=\"async\" width=\"320\" height=\"240\" src=\"https:\/\/www.lapetiteloiterie.fr\/lpl\/wp-content\/uploads\/Poivrier_sichuan-320x240.jpg\" class=\"lcp_thumbnail wp-post-image\" alt=\"Septembre\u00a0: les arbres et arbustes comestibles\" srcset=\"https:\/\/www.lapetiteloiterie.fr\/lpl\/wp-content\/uploads\/Poivrier_sichuan-320x240.jpg 320w, https:\/\/www.lapetiteloiterie.fr\/lpl\/wp-content\/uploads\/Poivrier_sichuan-160x120.jpg 160w\" sizes=\"auto, (max-width: 320px) 100vw, 320px\" title=\"Poivrier du sichuan\" \/><\/a><div class=\"lcp_excerpt\">Manger ses arbres et arbustes !\n<\/div><\/li><li><a href=\"https:\/\/www.lapetiteloiterie.fr\/lpl\/art\/10-coloration-automnale\/\">Octobre&nbsp;: les arbres d&rsquo;ornement \u00e0 belle coloration automnale<\/a><a href=\"https:\/\/www.lapetiteloiterie.fr\/lpl\/art\/10-coloration-automnale\/\" title=\"Octobre&nbsp;: les arbres d&#039;ornement \u00e0 belle coloration automnale\"><img loading=\"lazy\" decoding=\"async\" width=\"320\" height=\"240\" src=\"https:\/\/www.lapetiteloiterie.fr\/lpl\/wp-content\/uploads\/sumacs-320x240.jpg\" class=\"lcp_thumbnail wp-post-image\" alt=\"Octobre&nbsp;: les arbres d&#039;ornement \u00e0 belle coloration automnale\" srcset=\"https:\/\/www.lapetiteloiterie.fr\/lpl\/wp-content\/uploads\/sumacs-320x240.jpg 320w, https:\/\/www.lapetiteloiterie.fr\/lpl\/wp-content\/uploads\/sumacs-160x120.jpg 160w\" sizes=\"auto, (max-width: 320px) 100vw, 320px\" title=\"Les sumacs en automne\" \/><\/a><div class=\"lcp_excerpt\">Conna\u00eetre la diversit\u00e9 des arbres flamboyants \u00e0 l&rsquo;automne\n<\/div><\/li><li><a href=\"https:\/\/www.lapetiteloiterie.fr\/lpl\/art\/11-choisir-planter-entretenir\/\">Novembre&nbsp;: choisir, planter et entretenir les arbres et arbustes<\/a><a href=\"https:\/\/www.lapetiteloiterie.fr\/lpl\/art\/11-choisir-planter-entretenir\/\" title=\"Novembre&nbsp;: choisir, planter et entretenir les arbres et arbustes\"><img loading=\"lazy\" decoding=\"async\" width=\"320\" height=\"240\" src=\"https:\/\/www.lapetiteloiterie.fr\/lpl\/wp-content\/uploads\/DSC05937-320x240.jpg\" class=\"lcp_thumbnail wp-post-image\" alt=\"Novembre&nbsp;: choisir, planter et entretenir les arbres et arbustes\" srcset=\"https:\/\/www.lapetiteloiterie.fr\/lpl\/wp-content\/uploads\/DSC05937-320x240.jpg 320w, https:\/\/www.lapetiteloiterie.fr\/lpl\/wp-content\/uploads\/DSC05937-160x120.jpg 160w\" sizes=\"auto, (max-width: 320px) 100vw, 320px\" title=\"Une s\u00e9ance de plantation avec un groupe d&#039;\u00e9tudiants horticoles\" \/><\/a><div class=\"lcp_excerpt\">Comment choisir le v\u00e9g\u00e9tal adapt\u00e9 \u00e0 ses souhaits&#8230; et \u00e0 son jardin, et r\u00e9ussir sa plantation\n<\/div><\/li><li><a href=\"https:\/\/www.lapetiteloiterie.fr\/lpl\/art\/12-arbres-hiver\/\">D\u00e9cembre&nbsp;: les arbres en hiver<\/a><a href=\"https:\/\/www.lapetiteloiterie.fr\/lpl\/art\/12-arbres-hiver\/\" title=\"D\u00e9cembre&nbsp;: les arbres en hiver\"><img loading=\"lazy\" decoding=\"async\" width=\"320\" height=\"240\" src=\"https:\/\/www.lapetiteloiterie.fr\/lpl\/wp-content\/uploads\/DSC07276-320x240.jpg\" class=\"lcp_thumbnail wp-post-image\" alt=\"D\u00e9cembre&nbsp;: les arbres en hiver\" srcset=\"https:\/\/www.lapetiteloiterie.fr\/lpl\/wp-content\/uploads\/DSC07276-320x240.jpg 320w, https:\/\/www.lapetiteloiterie.fr\/lpl\/wp-content\/uploads\/DSC07276-160x120.jpg 160w\" sizes=\"auto, (max-width: 320px) 100vw, 320px\" title=\"DSC07276\" \/><\/a><div class=\"lcp_excerpt\">Parce que m\u00eame en hiver les arbres sont d\u00e9coratifs&#8230;\n<\/div><\/li><\/ul>\n","protected":false},"excerpt":{"rendered":"<p>Ces animations s&rsquo;adressent \u00e0 un tr\u00e8s large public&nbsp;: jardiniers occasionnels, amateurs \u00e9clair\u00e9s, \u00e9tudiants, professionnels&#8230; Elles proposent de d\u00e9couvrir la tr\u00e8s grande diversit\u00e9 des arbres et arbustes (pr\u00e8s de deux mille vari\u00e9t\u00e9s sur l&rsquo;arboretum), ainsi que les diff\u00e9rentes techniques pour les choisir, les planter, les entretenir. Elles durent 3h environ, et sont anim\u00e9es par Jac Boutaud. [&hellip;]<\/p>\n","protected":false},"author":1,"featured_media":644,"parent":29,"menu_order":2,"comment_status":"closed","ping_status":"closed","template":"","meta":{"footnotes":""},"class_list":["post-195","page","type-page","status-publish","has-post-thumbnail","hentry"],"_links":{"self":[{"href":"https:\/\/www.lapetiteloiterie.fr\/lpl\/wp-json\/wp\/v2\/pages\/195","targetHints":{"allow":["GET"]}}],"collection":[{"href":"https:\/\/www.lapetiteloiterie.fr\/lpl\/wp-json\/wp\/v2\/pages"}],"about":[{"href":"https:\/\/www.lapetiteloiterie.fr\/lpl\/wp-json\/wp\/v2\/types\/page"}],"author":[{"embeddable":true,"href":"https:\/\/www.lapetiteloiterie.fr\/lpl\/wp-json\/wp\/v2\/users\/1"}],"replies":[{"embeddable":true,"href":"https:\/\/www.lapetiteloiterie.fr\/lpl\/wp-json\/wp\/v2\/comments?post=195"}],"version-history":[{"count":16,"href":"https:\/\/www.lapetiteloiterie.fr\/lpl\/wp-json\/wp\/v2\/pages\/195\/revisions"}],"predecessor-version":[{"id":1589,"href":"https:\/\/www.lapetiteloiterie.fr\/lpl\/wp-json\/wp\/v2\/pages\/195\/revisions\/1589"}],"up":[{"embeddable":true,"href":"https:\/\/www.lapetiteloiterie.fr\/lpl\/wp-json\/wp\/v2\/pages\/29"}],"wp:featuredmedia":[{"embeddable":true,"href":"https:\/\/www.lapetiteloiterie.fr\/lpl\/wp-json\/wp\/v2\/media\/644"}],"wp:attachment":[{"href":"https:\/\/www.lapetiteloiterie.fr\/lpl\/wp-json\/wp\/v2\/media?parent=195"}],"curies":[{"name":"wp","href":"https:\/\/api.w.org\/{rel}","templated":true}]}}