{"id":211,"date":"2015-03-26T09:45:09","date_gmt":"2015-03-26T08:45:09","guid":{"rendered":"http:\/\/www.lapetiteloiterie.fr\/lpl\/etudes\/techniques\/plantation\/"},"modified":"2015-04-28T23:43:14","modified_gmt":"2015-04-28T21:43:14","slug":"plantation","status":"publish","type":"page","link":"https:\/\/www.lapetiteloiterie.fr\/lpl\/suivis_etudes\/technique\/plantation\/","title":{"rendered":"Techniques de plantation"},"content":{"rendered":"<h2>Les plants<\/h2>\n<p>Les plants proviennent essentiellement de p\u00e9pini\u00e8res fran\u00e7aises (parfois n\u00e9erlandaises).<br \/>\nExceptionnellement, ils proviennent de jardins botaniques de <a href=\"http:\/\/www.lapetiteloiterie.fr\/lpl\/acteurs\/partenaires\/\" title=\"Les partenaires\">r\u00e9seaux partenaires<\/a>, ou sont r\u00e9colt\u00e9s dans la nature.<\/p>\n<p>Les v\u00e9g\u00e9taux sont chaque fois que possible des jeunes plants, pour des raisons de co\u00fbt, de facilit\u00e9 de reprise, et surtout pour que leur architecture soit la moins perturb\u00e9e possible.<br \/>\nQuand ils ne sont pas disponibles en jeunes plants (greffe en t\u00eate, ou difficult\u00e9 d&rsquo;approvisionnement) les plants choisis sont des baliveaux ou des jeunes tiges pour les arbres, et des touffes pour les arbustes.<\/p>\n<p>Les plants sont, chaque fois que possible \u00e9galement, en racines nues.<br \/>\nSinon, les mottes foresti\u00e8res sont pr\u00e9f\u00e9r\u00e9es aux godets horticoles (ou conteneurs), qui sont souvent sources de d\u00e9formations racinaires<\/p>\n<h2>La pr\u00e9paration du sol<\/h2>\n<p>Les plantations sont r\u00e9alis\u00e9es sur une butte de terre rapport\u00e9e de 20 \u00e0 40 cm de haut, pour limiter les risques d&rsquo;asphyxie racinaire.<br \/>\nDix \u00e0 vingt litres d&rsquo;amendement \u00e0 base de sable et de compost de d\u00e9chets verts sont m\u00e9lang\u00e9s \u00e0 cette terre.<\/p>\n<p>Il n&rsquo;y a aucun autre apport de fertilisant.<\/p>\n<h2>La plantation<\/h2>\n<p>Les racines sont examin\u00e9es et les chignons racinaires sont \u00e9limin\u00e9s&nbsp;:<\/p>\n<ul>\n<li>avant la mise en jauge lorsque les plants arrivent en racines nues,<\/li>\n<li>juste avant plantation pour les v\u00e9g\u00e9taux en conteneur.<\/li>\n<\/ul>\n<p>Les v\u00e9g\u00e9taux en racines nues sont pralin\u00e9s d\u00e8s la sortie de jauge, puis plant\u00e9s imm\u00e9diatement, et arros\u00e9s dans un bref d\u00e9lai.<br \/>\nCette organisation permet d&rsquo;\u00e9taler la p\u00e9riode de plantation de novembre \u00e0 mi-mai, et a toujours donn\u00e9 de bons r\u00e9sultats.<\/p>\n<h2>Les accessoires de plantation<\/h2>\n<p>Le tuteurage est r\u00e9serv\u00e9 aux gros v\u00e9g\u00e9taux, et reste de br\u00e8ve dur\u00e9e&nbsp;: l&rsquo;exp\u00e9rience a montr\u00e9 que des v\u00e9g\u00e9taux trop fermement ou trop longtemps tuteur\u00e9s ont un rapport H\/D (hauteur sur diam\u00e8tre) trop important, et sont fragilis\u00e9s d\u00e8s qu&rsquo;on enl\u00e8ve le tuteur. Ils n&rsquo;ont en effet pas eu besoin de renforcer la r\u00e9sistance m\u00e9canique de leur tronc, le tuteur ayant jou\u00e9 ce r\u00f4le&#8230;<\/p>\n<p>Un mulch de paille est mis en place pour la premi\u00e8re ann\u00e9e. Ensuite, selon les cas, le sol est recouvert de toile tiss\u00e9e, de paille ou de broyat de d\u00e9chets ligneux.<\/p>\n","protected":false},"excerpt":{"rendered":"<p>Les plants Les plants proviennent essentiellement de p\u00e9pini\u00e8res fran\u00e7aises (parfois n\u00e9erlandaises). Exceptionnellement, ils proviennent de jardins botaniques de r\u00e9seaux partenaires, ou sont r\u00e9colt\u00e9s dans la nature. Les v\u00e9g\u00e9taux sont chaque fois que possible des jeunes plants, pour des raisons de co\u00fbt, de facilit\u00e9 de reprise, et surtout pour que leur architecture soit la moins perturb\u00e9e [&hellip;]<\/p>\n","protected":false},"author":1,"featured_media":737,"parent":214,"menu_order":2,"comment_status":"closed","ping_status":"closed","template":"","meta":{"footnotes":""},"class_list":["post-211","page","type-page","status-publish","has-post-thumbnail","hentry"],"_links":{"self":[{"href":"https:\/\/www.lapetiteloiterie.fr\/lpl\/wp-json\/wp\/v2\/pages\/211","targetHints":{"allow":["GET"]}}],"collection":[{"href":"https:\/\/www.lapetiteloiterie.fr\/lpl\/wp-json\/wp\/v2\/pages"}],"about":[{"href":"https:\/\/www.lapetiteloiterie.fr\/lpl\/wp-json\/wp\/v2\/types\/page"}],"author":[{"embeddable":true,"href":"https:\/\/www.lapetiteloiterie.fr\/lpl\/wp-json\/wp\/v2\/users\/1"}],"replies":[{"embeddable":true,"href":"https:\/\/www.lapetiteloiterie.fr\/lpl\/wp-json\/wp\/v2\/comments?post=211"}],"version-history":[{"count":6,"href":"https:\/\/www.lapetiteloiterie.fr\/lpl\/wp-json\/wp\/v2\/pages\/211\/revisions"}],"predecessor-version":[{"id":1588,"href":"https:\/\/www.lapetiteloiterie.fr\/lpl\/wp-json\/wp\/v2\/pages\/211\/revisions\/1588"}],"up":[{"embeddable":true,"href":"https:\/\/www.lapetiteloiterie.fr\/lpl\/wp-json\/wp\/v2\/pages\/214"}],"wp:featuredmedia":[{"embeddable":true,"href":"https:\/\/www.lapetiteloiterie.fr\/lpl\/wp-json\/wp\/v2\/media\/737"}],"wp:attachment":[{"href":"https:\/\/www.lapetiteloiterie.fr\/lpl\/wp-json\/wp\/v2\/media?parent=211"}],"curies":[{"name":"wp","href":"https:\/\/api.w.org\/{rel}","templated":true}]}}