{"id":212,"date":"2015-03-26T09:45:09","date_gmt":"2015-03-26T08:45:09","guid":{"rendered":"http:\/\/www.lapetiteloiterie.fr\/lpl\/etudes\/techniques\/taille_entretien\/"},"modified":"2015-04-28T23:54:19","modified_gmt":"2015-04-28T21:54:19","slug":"taille_entretien","status":"publish","type":"page","link":"https:\/\/www.lapetiteloiterie.fr\/lpl\/suivis_etudes\/technique\/taille_entretien\/","title":{"rendered":"Taille d&rsquo;entretien"},"content":{"rendered":"<h2>Pr\u00e9ambule<\/h2>\n<p>Si les v\u00e9g\u00e9taux, arbres ou arbustes, sont bien choisis en fonction des contraintes de volume disponible, des objectifs paysagers et des usages du lieu, les tailles d&rsquo;entretien peuvent tr\u00e8s bien \u00eatre inutiles ou notablement r\u00e9duites.<\/p>\n<p>Pourquoi planter un arbre de grand d\u00e9veloppement dans une rue \u00e9troite, encombr\u00e9e de r\u00e9seaux a\u00e9riens et de v\u00e9hicule en circulation ou stationnement&nbsp;? Pourquoi installer devant la fen\u00eatre du rez-de-chauss\u00e9e un arbuste pouvant atteindre 2m de haut&nbsp;? Autant utiliser la diversit\u00e9 v\u00e9g\u00e9tale existante, chaque fois que possible, comme essaie de le promouvoir l&rsquo;arboretum de La Petite Loiterie&nbsp;!<\/p>\n<p>Cependant, les tailles d&rsquo;entretien ont leur utilit\u00e9 dans de nombreuses situations, pour atteindre certains objectifs&nbsp;:<\/p>\n<ul>\n<li>souhait de cr\u00e9er des formes architectur\u00e9es, pour structurer le paysage (arbres en rideau par exemple), ou pour s&rsquo;accorder au style du jardin (formes en nuages dans un jardin d&rsquo;inspiration japonaise&#8230;),<\/li>\n<li>am\u00e9lioration des aspects d\u00e9coratifs (floraison, fructification, couleur des rameaux&#8230;),<\/li>\n<li>conservation de la vari\u00e9t\u00e9 greff\u00e9e,<\/li>\n<li>homog\u00e9n\u00e9isation des formes et dimensions au sein d&rsquo;un ensemble,<\/li>\n<li>limitation du vieillissement de certaines essences (gen\u00eat \u00e0 balai par exemple),<\/li>\n<li>&#8230;<\/li>\n<\/ul>\n<p>&#8230; et aussi maintien dans un volume donn\u00e9 de v\u00e9g\u00e9taux mal choisis au moment de la plantation&nbsp;!<\/p>\n<h2>Les arbustes<\/h2>\n<p>Le choix a \u00e9t\u00e9 fait dans l&rsquo;arboretum de pr\u00e9senter pour tous les taxons d&rsquo;arbustes pr\u00e9sents non seulement un sujet non taill\u00e9, pouvant exprimer librement son plein d\u00e9veloppement, mais aussi autant de sujets que de modalit\u00e9s de taille d&rsquo;entretien possibles et souhaitables en fonction des objectifs fix\u00e9s (voir l&rsquo;<a href=\"http:\/\/www.lapetiteloiterie.fr\/lpl\/suivis_etudes\/exp_arbustes\/\">exp\u00e9rimentation sur les arbustes<\/a>).<\/p>\n<p>En effet, il est tout \u00e0 fait possible d\u2019appliquer \u00e0 la taille des arbustes le concept de gestion diff\u00e9renci\u00e9e des espaces verts&nbsp;: pour une essence donn\u00e9e, les techniques de taille et la p\u00e9riodicit\u00e9 des passages peuvent varier selon le niveau d\u2019entretien recherch\u00e9 et de moyens disponibles.<\/p>\n<p>En voici un exemple, \u00e0 partir d&rsquo;une plante courante, le forsythia, plant\u00e9 dans diff\u00e9rentes situations&nbsp;:<\/p>\n<ul>\n<li>devant un \u00e9difice public de prestige, il est taill\u00e9 chaque ann\u00e9e en \u00e9claircie, sit\u00f4t la fin de sa floraison,<\/li>\n<li>dans un jardin un peu moins important, il peut n&rsquo;\u00eatre taill\u00e9 que tous les 2 ou 3 ans, toujours en \u00e9claircie, et sit\u00f4t la fin de sa floraison,<\/li>\n<li>dans un site encore plus secondaire, la taille peut se faire aussi tous les 2 ou 3 ans, en \u00e9claircie toujours, mais en hiver cette fois-ci, quand les jardiniers sont plus disponibles,<\/li>\n<li>dans un massif dense sur les talus d&rsquo;une rocade, la taille peut se r\u00e9duire \u00e0 un rec\u00e9page tous les 6 \u00e0 8 ans, pour r\u00e9g\u00e9n\u00e9rer les parties a\u00e9riennes, et effectuer un nettoyage complet du site,<\/li>\n<li>en isol\u00e9 au milieu d&rsquo;une grande pelouse, la taille devient inutile, ou se r\u00e9duit \u00e0 la suppression \u00e9ventuelle de branches mortes ou cass\u00e9es accidentellement.<\/li>\n<\/ul>\n<p>Nous ne proposons pas bien s\u00fbr dans cet exemple les tailles \u00e0 la cisailles pratiqu\u00e9es \u00e0 mi-hauteur de l&rsquo;arbustes au cours de l&rsquo;hiver, bien qu&rsquo;elles soient souvent appliqu\u00e9es, tant dans les espaces publics que dans les jardins priv\u00e9s&nbsp;!<br \/>\nIl est n\u00e9anmoins pr\u00e9vu dans l&rsquo;arboretum de tailler ainsi quelques arbustes, pour montrer \u00e0 quel point cette technique est inappropri\u00e9e&#8230;<\/p>\n<p>Chacune de ces modalit\u00e9s pr\u00e9sente des avantages (qualit\u00e9 de la floraison, ma\u00eetrise de l&rsquo;encombrement de la plante, port naturel, intervention minimale ou \u00e0 une p\u00e9riode calme&#8230;) et des inconv\u00e9nients (temps \u00e0 passer, branches \u00e0 \u00e9vacuer, floraison moins spectaculaire&#8230;). Il s&rsquo;agit simplement de choisir celle qui convient le mieux au cas particulier \u00e0 traiter.<\/p>\n<h2>Les arbres<\/h2>\n<p>Concernant la quasi totalit\u00e9 des arbres du parc lui-m\u00eame, il n&rsquo;est pas pr\u00e9vu de tailles d&rsquo;entretien autres que la r\u00e9paration d&rsquo;\u00e9ventuels accidents.<\/p>\n<p>Les exceptions \u00e0 la r\u00e8gle sont les sujets conduits en t\u00eatard, comme cela se pratiquait autrefois dans de nombreuses r\u00e9gions, et les arbres conduits en port architectur\u00e9 r\u00e9gulier, plant\u00e9s \u00e0 proximit\u00e9 des b\u00e2timents pour la plupart.<\/p>\n<p>Pour ces derniers, l&rsquo;objectif est de montrer les techniques classiques de taille r\u00e9guli\u00e8re&nbsp;:<\/p>\n<ul>\n<li>tonte une ou deux fois par an,<\/li>\n<li>coupe sur t\u00eate de chat, chaque ann\u00e9e,<\/li>\n<li>coupe sur prolongement,<\/li>\n<li>taille en r\u00e9duction &#8211; \u00e9claircie, sur relais potentiel (ou tire s\u00e8ve).<\/li>\n<\/ul>\n<p>Les essences les plus souvent utilis\u00e9es pour ces types de taille sont bien s\u00fbr pr\u00e9sentes (tilleul, marronnier, platane, charme&#8230;), mais aussi d&rsquo;autres, moins courantes mais potentiellement aussi int\u00e9ressantes sur le plan technique et d&rsquo;un point de vue paysager (liquidambar, charme houblon, cornouiller m\u00e2le&#8230;). Il s&rsquo;agit \u00e0 la fois d&rsquo;exp\u00e9rimentation et de d\u00e9monstration, comme souvent dans les arboretums.<\/p>\n","protected":false},"excerpt":{"rendered":"<p>Pr\u00e9ambule Si les v\u00e9g\u00e9taux, arbres ou arbustes, sont bien choisis en fonction des contraintes de volume disponible, des objectifs paysagers et des usages du lieu, les tailles d&rsquo;entretien peuvent tr\u00e8s bien \u00eatre inutiles ou notablement r\u00e9duites. Pourquoi planter un arbre de grand d\u00e9veloppement dans une rue \u00e9troite, encombr\u00e9e de r\u00e9seaux a\u00e9riens et de v\u00e9hicule en [&hellip;]<\/p>\n","protected":false},"author":1,"featured_media":1015,"parent":214,"menu_order":5,"comment_status":"closed","ping_status":"closed","template":"","meta":{"footnotes":""},"class_list":["post-212","page","type-page","status-publish","has-post-thumbnail","hentry"],"_links":{"self":[{"href":"https:\/\/www.lapetiteloiterie.fr\/lpl\/wp-json\/wp\/v2\/pages\/212","targetHints":{"allow":["GET"]}}],"collection":[{"href":"https:\/\/www.lapetiteloiterie.fr\/lpl\/wp-json\/wp\/v2\/pages"}],"about":[{"href":"https:\/\/www.lapetiteloiterie.fr\/lpl\/wp-json\/wp\/v2\/types\/page"}],"author":[{"embeddable":true,"href":"https:\/\/www.lapetiteloiterie.fr\/lpl\/wp-json\/wp\/v2\/users\/1"}],"replies":[{"embeddable":true,"href":"https:\/\/www.lapetiteloiterie.fr\/lpl\/wp-json\/wp\/v2\/comments?post=212"}],"version-history":[{"count":11,"href":"https:\/\/www.lapetiteloiterie.fr\/lpl\/wp-json\/wp\/v2\/pages\/212\/revisions"}],"predecessor-version":[{"id":1605,"href":"https:\/\/www.lapetiteloiterie.fr\/lpl\/wp-json\/wp\/v2\/pages\/212\/revisions\/1605"}],"up":[{"embeddable":true,"href":"https:\/\/www.lapetiteloiterie.fr\/lpl\/wp-json\/wp\/v2\/pages\/214"}],"wp:featuredmedia":[{"embeddable":true,"href":"https:\/\/www.lapetiteloiterie.fr\/lpl\/wp-json\/wp\/v2\/media\/1015"}],"wp:attachment":[{"href":"https:\/\/www.lapetiteloiterie.fr\/lpl\/wp-json\/wp\/v2\/media?parent=212"}],"curies":[{"name":"wp","href":"https:\/\/api.w.org\/{rel}","templated":true}]}}