{"id":213,"date":"2015-03-26T09:45:09","date_gmt":"2015-03-26T08:45:09","guid":{"rendered":"http:\/\/www.lapetiteloiterie.fr\/lpl\/etudes\/techniques\/taille_formation\/"},"modified":"2015-04-28T23:50:55","modified_gmt":"2015-04-28T21:50:55","slug":"taille_formation","status":"publish","type":"page","link":"https:\/\/www.lapetiteloiterie.fr\/lpl\/suivis_etudes\/technique\/taille_formation\/","title":{"rendered":"Taille de formation"},"content":{"rendered":"<p><strong>La taille de formation permet d&rsquo;adapter la forme des jeunes arbres aux contraintes et aux objectifs paysagers.<\/strong><br \/>\nBien r\u00e9alis\u00e9e, elle accompagne le d\u00e9veloppement de l&rsquo;arbre au fur et \u00e0 mesure de sa croissance, jusqu&rsquo;au moment o\u00f9 il peut pousser librement ou subir le cas \u00e9ch\u00e9ant des tailles d&rsquo;entretien.<br \/>\nSi elle est oubli\u00e9e ou mal faite et que des contraintes s&rsquo;exercent sur l&rsquo;arbre, il est \u00e0 craindre que des interventions tardives seront n\u00e9cessaires, avec des cons\u00e9quences potentiellement n\u00e9fastes pour l&rsquo;arbre et son devenir.<\/p>\n<p>Tous les arbres de l\u2019arboretum de La Petite Loiterie font l&rsquo;objet d&rsquo;une taille de formation, en fonction d&rsquo;un objectif de forme pr\u00e9d\u00e9termin\u00e9&nbsp;:<\/p>\n<ul>\n<li>tige branchue d\u00e8s la base,<\/li>\n<li>tige remont\u00e9e,<\/li>\n<li>c\u00e9p\u00e9e,<\/li>\n<li>t\u00eatard,<\/li>\n<li>forme architectur\u00e9e (rideau, pyramide&#8230;).<\/li>\n<\/ul>\n<p>Ainsi, plus de 1000 arbres et grands arbustes, appartenant \u00e0 environ <a href=\"http:\/\/www.lapetiteloiterie.fr\/lpl\/presentation\/especes\/\" title=\"Les esp\u00e8ces pr\u00e9sentes\">900 taxons diff\u00e9rents<\/a>, y font l&rsquo;objet d&rsquo;un suivi r\u00e9gulier pour la taille de formation&nbsp;:<\/p>\n<ul>\n<li>chaque sujet est photographi\u00e9 r\u00e9guli\u00e8rement, toujours sous le m\u00eame angle, pour permettre d\u2019\u00e9tudier son d\u00e9veloppement au fil des ann\u00e9es, (voir<a href=\"http:\/\/www.lapetiteloiterie.fr\/lpl\/suivis_etudes\/observations\/suivi_photo\/\" title=\"Suivi photographique\"> suivi photographique<\/a>)<\/li>\n<li>toutes les op\u00e9rations de taille de formation sont not\u00e9es, selon une grille pr\u00e9-\u00e9tablie, et quantifi\u00e9es si n\u00e9cessaire,<\/li>\n<li>les accidents (casse par le vent ou les oiseaux, perturbation de croissance par les insectes, etc\u2026) sont \u00e9galement enregistr\u00e9s.<\/li>\n<\/ul>\n<p>Ces observations n&rsquo;ont en aucun cas valeur d&rsquo;exp\u00e9rimentations de r\u00e9f\u00e9rence, avec r\u00e9p\u00e9titions et t\u00e9moins non trait\u00e9s, dans la mesure o\u00f9 il s&rsquo;agit d&rsquo;un travail sur des individus et non des populations homog\u00e8nes.<br \/>\nElles concernent en revanche la quasi-totalit\u00e9 des essences d&rsquo;arbres et grands arbustes actuellement utilis\u00e9es dans les am\u00e9nagements paysagers.<br \/>\nRecoup\u00e9es avec les observations d&rsquo;autres praticiens, et les connaissances r\u00e9centes sur l\u2019<a href=\"http:\/\/www.lapetiteloiterie.fr\/lpl\/suivis_etudes\/observations\/architecture\/\">architecture<\/a> des plantes, elles pourront \u00e9galement permettre de d\u00e9gager des tendances pour les essences les moins connues.<\/p>\n<p>Une premi\u00e8re valorisation des informations recueillies a \u00e9t\u00e9 la publication en mars 2003 d&rsquo;un ouvrage intitul\u00e9 <a href=\"http:\/\/www.lapetiteloiterie.fr\/lpl\/publications_collaborations\/livres\/\">La taille de formation des arbres d&rsquo;ornement<\/a>, en collaboration avec la <a href=\"http:\/\/www.lapetiteloiterie.fr\/lpl\/acteurs\/partenaires\/\">SFA<\/a>.<\/p>\n<p>Il est pr\u00e9vu de pr\u00e9senter \u00e0 terme sur ce site l&rsquo;\u00e9volution de certains arbres caract\u00e9ristiques, \u00e0 partir de photographies issues du <a href=\"http:\/\/www.lapetiteloiterie.fr\/lpl\/suivis_etudes\/observations\/suivi_photo\">suivi r\u00e9gulier<\/a>.<\/p>\n<p>L&rsquo;arboretum est reconnu sur le plan professionnel comme le lieu id\u00e9al pour \u00e9tudier le sujet de la taille de formation des arbres d&rsquo;ornement, et des <a href=\"http:\/\/www.lapetiteloiterie.fr\/lpl\/activites\/formations\/\">formations<\/a> sp\u00e9cifiques se mettent en place, depuis plusieurs ann\u00e9es d\u00e9j\u00e0, pour des professionnels et des \u00e9tudiants.<\/p>\n","protected":false},"excerpt":{"rendered":"<p>La taille de formation permet d&rsquo;adapter la forme des jeunes arbres aux contraintes et aux objectifs paysagers. Bien r\u00e9alis\u00e9e, elle accompagne le d\u00e9veloppement de l&rsquo;arbre au fur et \u00e0 mesure de sa croissance, jusqu&rsquo;au moment o\u00f9 il peut pousser librement ou subir le cas \u00e9ch\u00e9ant des tailles d&rsquo;entretien. Si elle est oubli\u00e9e ou mal faite [&hellip;]<\/p>\n","protected":false},"author":1,"featured_media":744,"parent":214,"menu_order":4,"comment_status":"closed","ping_status":"closed","template":"","meta":{"footnotes":""},"class_list":["post-213","page","type-page","status-publish","has-post-thumbnail","hentry"],"_links":{"self":[{"href":"https:\/\/www.lapetiteloiterie.fr\/lpl\/wp-json\/wp\/v2\/pages\/213","targetHints":{"allow":["GET"]}}],"collection":[{"href":"https:\/\/www.lapetiteloiterie.fr\/lpl\/wp-json\/wp\/v2\/pages"}],"about":[{"href":"https:\/\/www.lapetiteloiterie.fr\/lpl\/wp-json\/wp\/v2\/types\/page"}],"author":[{"embeddable":true,"href":"https:\/\/www.lapetiteloiterie.fr\/lpl\/wp-json\/wp\/v2\/users\/1"}],"replies":[{"embeddable":true,"href":"https:\/\/www.lapetiteloiterie.fr\/lpl\/wp-json\/wp\/v2\/comments?post=213"}],"version-history":[{"count":14,"href":"https:\/\/www.lapetiteloiterie.fr\/lpl\/wp-json\/wp\/v2\/pages\/213\/revisions"}],"predecessor-version":[{"id":1600,"href":"https:\/\/www.lapetiteloiterie.fr\/lpl\/wp-json\/wp\/v2\/pages\/213\/revisions\/1600"}],"up":[{"embeddable":true,"href":"https:\/\/www.lapetiteloiterie.fr\/lpl\/wp-json\/wp\/v2\/pages\/214"}],"wp:featuredmedia":[{"embeddable":true,"href":"https:\/\/www.lapetiteloiterie.fr\/lpl\/wp-json\/wp\/v2\/media\/744"}],"wp:attachment":[{"href":"https:\/\/www.lapetiteloiterie.fr\/lpl\/wp-json\/wp\/v2\/media?parent=213"}],"curies":[{"name":"wp","href":"https:\/\/api.w.org\/{rel}","templated":true}]}}

<p><strong>La taille de formation permet d&rsquo;adapter la forme des jeunes arbres aux contraintes et aux objectifs paysagers.</strong><br />
Bien réalisée, elle accompagne le développement de l&rsquo;arbre au fur et à mesure de sa croissance, jusqu&rsquo;au moment où il peut pousser librement ou subir le cas échéant des tailles d&rsquo;entretien.<br />
Si elle est oubliée ou mal faite et que des contraintes s&rsquo;exercent sur l&rsquo;arbre, il est à craindre que des interventions tardives seront nécessaires, avec des conséquences potentiellement néfastes pour l&rsquo;arbre et son devenir.</p>
<p>Tous les arbres de l’arboretum de La Petite Loiterie font l&rsquo;objet d&rsquo;une taille de formation, en fonction d&rsquo;un objectif de forme prédéterminé&nbsp;:</p>
<ul>
<li>tige branchue dès la base,</li>
<li>tige remontée,</li>
<li>cépée,</li>
<li>têtard,</li>
<li>forme architecturée (rideau, pyramide&#8230;).</li>
</ul>
<p>Ainsi, plus de 1000 arbres et grands arbustes, appartenant à environ <a href="http://www.lapetiteloiterie.fr/lpl/presentation/especes/" title="Les espèces présentes">900 taxons différents</a>, y font l&rsquo;objet d&rsquo;un suivi régulier pour la taille de formation&nbsp;:</p>
<ul>
<li>chaque sujet est photographié régulièrement, toujours sous le même angle, pour permettre d’étudier son développement au fil des années, (voir<a href="http://www.lapetiteloiterie.fr/lpl/suivis_etudes/observations/suivi_photo/" title="Suivi photographique"> suivi photographique</a>)</li>
<li>toutes les opérations de taille de formation sont notées, selon une grille pré-établie, et quantifiées si nécessaire,</li>
<li>les accidents (casse par le vent ou les oiseaux, perturbation de croissance par les insectes, etc…) sont également enregistrés.</li>
</ul>
<p>Ces observations n&rsquo;ont en aucun cas valeur d&rsquo;expérimentations de référence, avec répétitions et témoins non traités, dans la mesure où il s&rsquo;agit d&rsquo;un travail sur des individus et non des populations homogènes.<br />
Elles concernent en revanche la quasi-totalité des essences d&rsquo;arbres et grands arbustes actuellement utilisées dans les aménagements paysagers.<br />
Recoupées avec les observations d&rsquo;autres praticiens, et les connaissances récentes sur l’<a href="http://www.lapetiteloiterie.fr/lpl/suivis_etudes/observations/architecture/">architecture</a> des plantes, elles pourront également permettre de dégager des tendances pour les essences les moins connues.</p>
<p>Une première valorisation des informations recueillies a été la publication en mars 2003 d&rsquo;un ouvrage intitulé <a href="http://www.lapetiteloiterie.fr/lpl/publications_collaborations/livres/">La taille de formation des arbres d&rsquo;ornement</a>, en collaboration avec la <a href="http://www.lapetiteloiterie.fr/lpl/acteurs/partenaires/">SFA</a>.</p>
<p>Il est prévu de présenter à terme sur ce site l&rsquo;évolution de certains arbres caractéristiques, à partir de photographies issues du <a href="http://www.lapetiteloiterie.fr/lpl/suivis_etudes/observations/suivi_photo">suivi régulier</a>.</p>
<p>L&rsquo;arboretum est reconnu sur le plan professionnel comme le lieu idéal pour étudier le sujet de la taille de formation des arbres d&rsquo;ornement, et des <a href="http://www.lapetiteloiterie.fr/lpl/activites/formations/">formations</a> spécifiques se mettent en place, depuis plusieurs années déjà, pour des professionnels et des étudiants.</p>

<p>La taille de formation permet d&rsquo;adapter la forme des jeunes arbres aux contraintes et aux objectifs paysagers. Bien réalisée, elle accompagne le développement de l&rsquo;arbre au fur et à mesure de sa croissance, jusqu&rsquo;au moment où il peut pousser librement ou subir le cas échéant des tailles d&rsquo;entretien. Si elle est oubliée ou mal faite [&hellip;]</p>
