{"id":232,"date":"2015-03-26T09:45:09","date_gmt":"2015-03-26T08:45:09","guid":{"rendered":"http:\/\/www.lapetiteloiterie.fr\/lpl\/presentation-2\/milieux\/"},"modified":"2019-08-21T08:09:26","modified_gmt":"2019-08-21T06:09:26","slug":"milieux","status":"publish","type":"page","link":"https:\/\/www.lapetiteloiterie.fr\/lpl\/presentation\/milieux\/","title":{"rendered":"\u00c9cologie et milieux"},"content":{"rendered":"<p>L&rsquo;arboretum est constitu\u00e9 de plusieurs milieux&nbsp;:<\/p>\n<ul>\n<li>des prairies&nbsp;: elles sont soit plant\u00e9es d&rsquo;arbres et tondues p\u00e9riodiquement (environ 7,5 ha), soit fauch\u00e9es pour le foin (2,5 ha), soit p\u00e2tur\u00e9es par des moutons solognots,<\/li>\n<li>des haies champ\u00eatres, naturelles ou plant\u00e9es, situ\u00e9es tout autour de l&rsquo;arboretum et aussi en s\u00e9paration de diff\u00e9rents espaces (verger, potager&#8230;),<\/li>\n<li>des zones humides, riches en batraciens, repr\u00e9sent\u00e9es par un \u00e9tang de 3800 m2 et cinq mares, dont 3 sont permanentes.<\/li>\n<\/ul>\n<p>La cour, ses b\u00e2timents agricoles et d&rsquo;habitation, et un chemin creux terminent l&rsquo;inventaire de l&rsquo;arboretum \u00e0 proprement parler.<\/p>\n<p>Situ\u00e9s \u00e0 500 m de l&rsquo;arboretum, 8,5 hectares de bois font partie de la propri\u00e9t\u00e9. Deux mares temporaires y ont \u00e9t\u00e9 creus\u00e9es il y a plusieurs g\u00e9n\u00e9rations.<\/p>\n<p>Cette mosa\u00efque de milieux vari\u00e9s (ouverts, plant\u00e9s, humides, min\u00e9ralis\u00e9s, habit\u00e9s) permet d&rsquo;accueillir une grande diversit\u00e9 d&rsquo;esp\u00e8ces animales et v\u00e9g\u00e9tales, et constitue un paysage multiple et d&rsquo;\u00e9chelle humaine.<\/p>\n<p>Elle est aussi tr\u00e8s repr\u00e9sentative de ce qu&rsquo;\u00e9taient les campagnes de la r\u00e9gion il y a quelques d\u00e9cennies, avant le d\u00e9veloppement de l&rsquo;agriculture intensive.<\/p>\n<p>Ainsi, si ce n&rsquo;\u00e9tait la tr\u00e8s grande diversit\u00e9 des essences ligneuses plant\u00e9es, La Petite Loiterie pourrait \u00eatre consid\u00e9r\u00e9e comme une ferme traditionnelle de la G\u00e2tine Tourangelle&#8230;<\/p>\n","protected":false},"excerpt":{"rendered":"<p>L&rsquo;arboretum est constitu\u00e9 de plusieurs milieux&nbsp;: des prairies&nbsp;: elles sont soit plant\u00e9es d&rsquo;arbres et tondues p\u00e9riodiquement (environ 7,5 ha), soit fauch\u00e9es pour le foin (2,5 ha), soit p\u00e2tur\u00e9es par des moutons solognots, des haies champ\u00eatres, naturelles ou plant\u00e9es, situ\u00e9es tout autour de l&rsquo;arboretum et aussi en s\u00e9paration de diff\u00e9rents espaces (verger, potager&#8230;), des zones humides, [&hellip;]<\/p>\n","protected":false},"author":1,"featured_media":714,"parent":27,"menu_order":5,"comment_status":"closed","ping_status":"closed","template":"","meta":{"footnotes":""},"class_list":["post-232","page","type-page","status-publish","has-post-thumbnail","hentry"],"_links":{"self":[{"href":"https:\/\/www.lapetiteloiterie.fr\/lpl\/wp-json\/wp\/v2\/pages\/232","targetHints":{"allow":["GET"]}}],"collection":[{"href":"https:\/\/www.lapetiteloiterie.fr\/lpl\/wp-json\/wp\/v2\/pages"}],"about":[{"href":"https:\/\/www.lapetiteloiterie.fr\/lpl\/wp-json\/wp\/v2\/types\/page"}],"author":[{"embeddable":true,"href":"https:\/\/www.lapetiteloiterie.fr\/lpl\/wp-json\/wp\/v2\/users\/1"}],"replies":[{"embeddable":true,"href":"https:\/\/www.lapetiteloiterie.fr\/lpl\/wp-json\/wp\/v2\/comments?post=232"}],"version-history":[{"count":6,"href":"https:\/\/www.lapetiteloiterie.fr\/lpl\/wp-json\/wp\/v2\/pages\/232\/revisions"}],"predecessor-version":[{"id":2350,"href":"https:\/\/www.lapetiteloiterie.fr\/lpl\/wp-json\/wp\/v2\/pages\/232\/revisions\/2350"}],"up":[{"embeddable":true,"href":"https:\/\/www.lapetiteloiterie.fr\/lpl\/wp-json\/wp\/v2\/pages\/27"}],"wp:featuredmedia":[{"embeddable":true,"href":"https:\/\/www.lapetiteloiterie.fr\/lpl\/wp-json\/wp\/v2\/media\/714"}],"wp:attachment":[{"href":"https:\/\/www.lapetiteloiterie.fr\/lpl\/wp-json\/wp\/v2\/media?parent=232"}],"curies":[{"name":"wp","href":"https:\/\/api.w.org\/{rel}","templated":true}]}}

Écologie et milieux

<p>L&rsquo;arboretum est constitué de plusieurs milieux&nbsp;:</p>
<ul>
<li>des prairies&nbsp;: elles sont soit plantées d&rsquo;arbres et tondues périodiquement (environ 7,5 ha), soit fauchées pour le foin (2,5 ha), soit pâturées par des moutons solognots,</li>
<li>des haies champêtres, naturelles ou plantées, situées tout autour de l&rsquo;arboretum et aussi en séparation de différents espaces (verger, potager&#8230;),</li>
<li>des zones humides, riches en batraciens, représentées par un étang de 3800 m2 et cinq mares, dont 3 sont permanentes.</li>
</ul>
<p>La cour, ses bâtiments agricoles et d&rsquo;habitation, et un chemin creux terminent l&rsquo;inventaire de l&rsquo;arboretum à proprement parler.</p>
<p>Situés à 500 m de l&rsquo;arboretum, 8,5 hectares de bois font partie de la propriété. Deux mares temporaires y ont été creusées il y a plusieurs générations.</p>
<p>Cette mosaïque de milieux variés (ouverts, plantés, humides, minéralisés, habités) permet d&rsquo;accueillir une grande diversité d&rsquo;espèces animales et végétales, et constitue un paysage multiple et d&rsquo;échelle humaine.</p>
<p>Elle est aussi très représentative de ce qu&rsquo;étaient les campagnes de la région il y a quelques décennies, avant le développement de l&rsquo;agriculture intensive.</p>
<p>Ainsi, si ce n&rsquo;était la très grande diversité des essences ligneuses plantées, La Petite Loiterie pourrait être considérée comme une ferme traditionnelle de la Gâtine Tourangelle&#8230;</p>

<p>L&rsquo;arboretum est constitué de plusieurs milieux&nbsp;: des prairies&nbsp;: elles sont soit plantées d&rsquo;arbres et tondues périodiquement (environ 7,5 ha), soit fauchées pour le foin (2,5 ha), soit pâturées par des moutons solognots, des haies champêtres, naturelles ou plantées, situées tout autour de l&rsquo;arboretum et aussi en séparation de différents espaces (verger, potager&#8230;), des zones humides, [&hellip;]</p>
