{"id":2480,"date":"2020-03-21T19:56:30","date_gmt":"2020-03-21T18:56:30","guid":{"rendered":"https:\/\/www.lapetiteloiterie.fr\/lpl\/?page_id=2480"},"modified":"2021-03-08T17:32:19","modified_gmt":"2021-03-08T16:32:19","slug":"tailles-mars","status":"publish","type":"page","link":"https:\/\/www.lapetiteloiterie.fr\/lpl\/actualites\/tailles-mars\/","title":{"rendered":"Quelles tailles peut-on r\u00e9aliser ce printemps\u00a0?"},"content":{"rendered":"<h2>Pour commencer&#8230;<\/h2>\n<p>Il faut \u00e9viter de tailler les arbres et les arbustes qui sont en cours de d\u00e9bourrement&nbsp;: en effet, les r\u00e9serves utilis\u00e9es pour l&rsquo;ouverture des bourgeons et le d\u00e9ploiement des jeunes pousses sont perdues si une taille significative est r\u00e9alis\u00e9e. Il est nettement pr\u00e9f\u00e9rable d&rsquo;attendre que les premi\u00e8res feuilles apparues soient totalement d\u00e9ploy\u00e9es et donc op\u00e9rationnelles pour la photosynth\u00e8se avant de reprendre les tailles.<br \/>\nIl est n\u00e9anmoins envisageable de tailler les essences d&rsquo;arbustes peu rustiques, comme les orangers du Mexique, les lavat\u00e8res, les v\u00e9roniques, etc. Sur ces esp\u00e8ces, une taille r\u00e9alis\u00e9e en d\u00e9but ou en cours d&rsquo;hiver est risqu\u00e9e si un froid intense intervient apr\u00e8s, le gel pouvant causer des dommages importants. Maintenant que les grands froids ne sont plus \u00e0 craindre, il est possible de tailler ces arbustes.<\/p>\n<div id=\"attachment_2507\" style=\"width: 330px\" class=\"wp-caption alignleft\"><img loading=\"lazy\" decoding=\"async\" aria-describedby=\"caption-attachment-2507\" class=\"size-medium wp-image-2507\" src=\"https:\/\/www.lapetiteloiterie.fr\/lpl\/wp-content\/uploads\/P3233863-320x240.jpg\" alt=\"D\u00e9but de floraison sur un oranger du Mexique\" width=\"320\" height=\"240\" srcset=\"https:\/\/www.lapetiteloiterie.fr\/lpl\/wp-content\/uploads\/P3233863-320x240.jpg 320w, https:\/\/www.lapetiteloiterie.fr\/lpl\/wp-content\/uploads\/P3233863-160x120.jpg 160w, https:\/\/www.lapetiteloiterie.fr\/lpl\/wp-content\/uploads\/P3233863-768x576.jpg 768w, https:\/\/www.lapetiteloiterie.fr\/lpl\/wp-content\/uploads\/P3233863-1280x960.jpg 1280w, https:\/\/www.lapetiteloiterie.fr\/lpl\/wp-content\/uploads\/P3233863-624x468.jpg 624w\" sizes=\"auto, (max-width: 320px) 100vw, 320px\" \/><p id=\"caption-attachment-2507\" class=\"wp-caption-text\">D\u00e9but de floraison sur un oranger du Mexique<\/p><\/div>\n<div id=\"attachment_2508\" style=\"width: 330px\" class=\"wp-caption alignleft\"><img loading=\"lazy\" decoding=\"async\" aria-describedby=\"caption-attachment-2508\" class=\"size-medium wp-image-2508\" src=\"https:\/\/www.lapetiteloiterie.fr\/lpl\/wp-content\/uploads\/DSC08834-320x240.jpg\" alt=\"Les lavat\u00e8res seront en fleurs en mai\" width=\"320\" height=\"240\" srcset=\"https:\/\/www.lapetiteloiterie.fr\/lpl\/wp-content\/uploads\/DSC08834-320x240.jpg 320w, https:\/\/www.lapetiteloiterie.fr\/lpl\/wp-content\/uploads\/DSC08834-160x120.jpg 160w, https:\/\/www.lapetiteloiterie.fr\/lpl\/wp-content\/uploads\/DSC08834-768x576.jpg 768w, https:\/\/www.lapetiteloiterie.fr\/lpl\/wp-content\/uploads\/DSC08834-1280x960.jpg 1280w, https:\/\/www.lapetiteloiterie.fr\/lpl\/wp-content\/uploads\/DSC08834-624x468.jpg 624w\" sizes=\"auto, (max-width: 320px) 100vw, 320px\" \/><p id=\"caption-attachment-2508\" class=\"wp-caption-text\">Les lavat\u00e8res seront en fleurs en mai<\/p><\/div>\n<h2>Deux exemples<\/h2>\n<p>Sur deux orangers du Mexique (<em>Choizia ternata<\/em>), nous remettions depuis plusieurs ann\u00e9es le rec\u00e9page de l&rsquo;un et la forte r\u00e9duction du volume de l&rsquo;autre (le but de ces tailles est de permettre la comparaison avec d&rsquo;autres individus qui n&rsquo;ont jamais \u00e9t\u00e9 taill\u00e9s et qui serviront de t\u00e9moins).<br \/>\nCes deux arbustes ont une vingtaine d&rsquo;ann\u00e9es.<\/p>\n<div id=\"su_slider_69f2c51b1e460\" class=\"su-slider su-slider-centered su-slider-pages-no su-slider-responsive-yes art_mars_slide su-lightbox-gallery\" style=\"width:100%\" data-autoplay=\"3000\" data-speed=\"600\" data-mousewheel=\"false\"><div class=\"su-slider-slides\"><div class=\"su-slider-slide\"><a href=\"https:\/\/www.lapetiteloiterie.fr\/lpl\/wp-content\/uploads\/Choizia_avant_recepage.jpg\"  title=\"Oranger du Mexique avant rec\u00e9page\"><img decoding=\"async\" src=\"https:\/\/www.lapetiteloiterie.fr\/lpl\/wp-content\/uploads\/Choizia_avant_recepage-600x300.jpg\" alt=\"Oranger du Mexique avant rec\u00e9page\" \/><span class=\"su-slider-slide-title\">Oranger du Mexique avant rec\u00e9page<\/span><\/a><\/div><div class=\"su-slider-slide\"><a href=\"https:\/\/www.lapetiteloiterie.fr\/lpl\/wp-content\/uploads\/Choizia_apres_recepage.jpg\"  title=\"Oranger du Mexique apr\u00e8s rec\u00e9page\"><img decoding=\"async\" src=\"https:\/\/www.lapetiteloiterie.fr\/lpl\/wp-content\/uploads\/Choizia_apres_recepage-600x300.jpg\" alt=\"Oranger du Mexique apr\u00e8s rec\u00e9page\" \/><span class=\"su-slider-slide-title\">Oranger du Mexique apr\u00e8s rec\u00e9page<\/span><\/a><\/div><div class=\"su-slider-slide\"><a href=\"https:\/\/www.lapetiteloiterie.fr\/lpl\/wp-content\/uploads\/Choizia_apres_recepage-detail.jpg\"  title=\"Oranger du Mexique apr\u00e8s rec\u00e9page (d\u00e9tail)\"><img decoding=\"async\" src=\"https:\/\/www.lapetiteloiterie.fr\/lpl\/wp-content\/uploads\/Choizia_apres_recepage-detail-600x300.jpg\" alt=\"Oranger du Mexique apr\u00e8s rec\u00e9page (d\u00e9tail)\" \/><span class=\"su-slider-slide-title\">Oranger du Mexique apr\u00e8s rec\u00e9page (d\u00e9tail)<\/span><\/a><\/div><\/div><div class=\"su-slider-nav\"><div class=\"su-slider-direction\"><span class=\"su-slider-prev\"><\/span><span class=\"su-slider-next\"><\/span><\/div><div class=\"su-slider-pagination\"><\/div><\/div><\/div>\n<div id=\"su_slider_69f2c51b1f0db\" class=\"su-slider su-slider-centered su-slider-pages-no su-slider-responsive-yes art_mars_slide su-lightbox-gallery\" style=\"width:100%\" data-autoplay=\"3000\" data-speed=\"600\" data-mousewheel=\"false\"><div class=\"su-slider-slides\"><div class=\"su-slider-slide\"><a href=\"https:\/\/www.lapetiteloiterie.fr\/lpl\/wp-content\/uploads\/Choizia_avant_reduction.jpg\"  title=\"Oranger du Mexique avant r\u00e9duction\"><img decoding=\"async\" src=\"https:\/\/www.lapetiteloiterie.fr\/lpl\/wp-content\/uploads\/Choizia_avant_reduction-600x300.jpg\" alt=\"Oranger du Mexique avant r\u00e9duction\" \/><span class=\"su-slider-slide-title\">Oranger du Mexique avant r\u00e9duction<\/span><\/a><\/div><div class=\"su-slider-slide\"><a href=\"https:\/\/www.lapetiteloiterie.fr\/lpl\/wp-content\/uploads\/Choizia_apres_reduction.jpg\"  title=\"Oranger du Mexique apr\u00e8s r\u00e9duction\"><img decoding=\"async\" src=\"https:\/\/www.lapetiteloiterie.fr\/lpl\/wp-content\/uploads\/Choizia_apres_reduction-600x300.jpg\" alt=\"Oranger du Mexique apr\u00e8s r\u00e9duction\" \/><span class=\"su-slider-slide-title\">Oranger du Mexique apr\u00e8s r\u00e9duction<\/span><\/a><\/div><div class=\"su-slider-slide\"><a href=\"https:\/\/www.lapetiteloiterie.fr\/lpl\/wp-content\/uploads\/Choizia_apres_reduction-detail.jpg\"  title=\"Oranger du Mexique apr\u00e8s r\u00e9duction (d\u00e9tail)\"><img decoding=\"async\" src=\"https:\/\/www.lapetiteloiterie.fr\/lpl\/wp-content\/uploads\/Choizia_apres_reduction-detail-600x300.jpg\" alt=\"Oranger du Mexique apr\u00e8s r\u00e9duction (d\u00e9tail)\" \/><span class=\"su-slider-slide-title\">Oranger du Mexique apr\u00e8s r\u00e9duction (d\u00e9tail)<\/span><\/a><\/div><\/div><div class=\"su-slider-nav\"><div class=\"su-slider-direction\"><span class=\"su-slider-prev\"><\/span><span class=\"su-slider-next\"><\/span><\/div><div class=\"su-slider-pagination\"><\/div><\/div><\/div>\n<p>Celui qui a \u00e9t\u00e9 rec\u00e9p\u00e9 n&rsquo;a conserv\u00e9 que quelques jeunes pousses d\u00e9j\u00e0 pr\u00e9sentes sur la souche ou la base des branches. Tout le reste a \u00e9t\u00e9 enlev\u00e9.<br \/>\nL&rsquo;autre a \u00e9t\u00e9 diminu\u00e9 fortement, les coupes ont \u00e9t\u00e9 faites \u00e0 chaque fois au-dessus d&rsquo;une pousse existante. Le volume a \u00e9t\u00e9 r\u00e9duit des deux tiers. L&rsquo;arbuste ainsi taill\u00e9 reste partiellement foli\u00e9, l&rsquo;intervention est moins drastique que le rec\u00e9page. Par contre, elle est plus longue \u00e0 r\u00e9aliser car il faut \u00e0 chaque fois rep\u00e9rer les ramifications ou les rejets existants qui peuvent servir de relais.<\/p>\n<h2>Ou encore&#8230;<\/h2>\n<div id=\"attachment_2519\" style=\"width: 330px\" class=\"wp-caption alignleft\"><img loading=\"lazy\" decoding=\"async\" aria-describedby=\"caption-attachment-2519\" class=\"size-medium wp-image-2519\" src=\"https:\/\/www.lapetiteloiterie.fr\/lpl\/wp-content\/uploads\/P3233885-320x240.jpg\" alt=\"\" width=\"320\" height=\"240\" srcset=\"https:\/\/www.lapetiteloiterie.fr\/lpl\/wp-content\/uploads\/P3233885-320x240.jpg 320w, https:\/\/www.lapetiteloiterie.fr\/lpl\/wp-content\/uploads\/P3233885-160x120.jpg 160w, https:\/\/www.lapetiteloiterie.fr\/lpl\/wp-content\/uploads\/P3233885-768x576.jpg 768w, https:\/\/www.lapetiteloiterie.fr\/lpl\/wp-content\/uploads\/P3233885-1280x960.jpg 1280w, https:\/\/www.lapetiteloiterie.fr\/lpl\/wp-content\/uploads\/P3233885-624x468.jpg 624w\" sizes=\"auto, (max-width: 320px) 100vw, 320px\" \/><p id=\"caption-attachment-2519\" class=\"wp-caption-text\">Une spir\u00e9e en tout d\u00e9but de floraison<\/p><\/div>\n<p>Il est aussi possible de proc\u00e9der en ce moment \u00e0 l&rsquo;\u00e9claircie des arbustes buissonnants, ceux qui forment spontan\u00e9ment des rejets sur la souche et sont g\u00e9n\u00e9ralement qualifi\u00e9s de basitones (spir\u00e9es, forsythia, seringats, deutzia, etc.)<br \/>\nLa perte du potentiel de floraison sera minime si la floraison qui s&rsquo;effectue sur les rameaux de l&rsquo;an dernier n&rsquo;a pas encore eu lieu ou si elle en est \u00e0 ses d\u00e9buts et que l&rsquo;on se contente d&rsquo;enlever les branches les plus vieilles.<\/p>\n<p>Cette intervention est m\u00eame pr\u00e9f\u00e9rable \u00e0 une taille plus tardive, qui serait faite en mai par exemple&nbsp;: il y aurait alors un fort risque de casser les jeunes rejets d\u00e9j\u00e0 apparus sur la souche et, en cas de printemps sec et chaud, les arbustes seraient moins r\u00e9actifs pour renouveler leurs branches.<br \/>\nAinsi, des \u00e9tudes statistiques men\u00e9es pendant plus de 10 ans par le r\u00e9seau des <a href=\"https:\/\/www.lapetiteloiterie.fr\/lpl\/acteurs\/partenaires\/#arbusti\">Arbusticulteurs<\/a> ont montr\u00e9 sur plusieurs essences (forsythia, seringat, weigelia) que les tailles d&rsquo;\u00e9claircie sur souche effectu\u00e9es chaque ann\u00e9e en hiver ne diminuaient que tr\u00e8s peu le potentiel de floraison des arbustes. Des observations men\u00e9es sur de nombreuses autres essences ont confirm\u00e9 ces r\u00e9sultats.<\/p>\n","protected":false},"excerpt":{"rendered":"<p>Pour commencer&#8230; Il faut \u00e9viter de tailler les arbres et les arbustes qui sont en cours de d\u00e9bourrement&nbsp;: en effet, les r\u00e9serves utilis\u00e9es pour l&rsquo;ouverture des bourgeons et le d\u00e9ploiement des jeunes pousses sont perdues si une taille significative est r\u00e9alis\u00e9e. Il est nettement pr\u00e9f\u00e9rable d&rsquo;attendre que les premi\u00e8res feuilles apparues soient totalement d\u00e9ploy\u00e9es et [&hellip;]<\/p>\n","protected":false},"author":1,"featured_media":2505,"parent":2521,"menu_order":1,"comment_status":"closed","ping_status":"closed","template":"","meta":{"footnotes":""},"class_list":["post-2480","page","type-page","status-publish","has-post-thumbnail","hentry"],"_links":{"self":[{"href":"https:\/\/www.lapetiteloiterie.fr\/lpl\/wp-json\/wp\/v2\/pages\/2480","targetHints":{"allow":["GET"]}}],"collection":[{"href":"https:\/\/www.lapetiteloiterie.fr\/lpl\/wp-json\/wp\/v2\/pages"}],"about":[{"href":"https:\/\/www.lapetiteloiterie.fr\/lpl\/wp-json\/wp\/v2\/types\/page"}],"author":[{"embeddable":true,"href":"https:\/\/www.lapetiteloiterie.fr\/lpl\/wp-json\/wp\/v2\/users\/1"}],"replies":[{"embeddable":true,"href":"https:\/\/www.lapetiteloiterie.fr\/lpl\/wp-json\/wp\/v2\/comments?post=2480"}],"version-history":[{"count":10,"href":"https:\/\/www.lapetiteloiterie.fr\/lpl\/wp-json\/wp\/v2\/pages\/2480\/revisions"}],"predecessor-version":[{"id":2689,"href":"https:\/\/www.lapetiteloiterie.fr\/lpl\/wp-json\/wp\/v2\/pages\/2480\/revisions\/2689"}],"up":[{"embeddable":true,"href":"https:\/\/www.lapetiteloiterie.fr\/lpl\/wp-json\/wp\/v2\/pages\/2521"}],"wp:featuredmedia":[{"embeddable":true,"href":"https:\/\/www.lapetiteloiterie.fr\/lpl\/wp-json\/wp\/v2\/media\/2505"}],"wp:attachment":[{"href":"https:\/\/www.lapetiteloiterie.fr\/lpl\/wp-json\/wp\/v2\/media?parent=2480"}],"curies":[{"name":"wp","href":"https:\/\/api.w.org\/{rel}","templated":true}]}}

Quelles tailles peut-on réaliser ce printemps ?

<h2>Pour commencer&#8230;</h2>
<p>Il faut éviter de tailler les arbres et les arbustes qui sont en cours de débourrement&nbsp;: en effet, les réserves utilisées pour l&rsquo;ouverture des bourgeons et le déploiement des jeunes pousses sont perdues si une taille significative est réalisée. Il est nettement préférable d&rsquo;attendre que les premières feuilles apparues soient totalement déployées et donc opérationnelles pour la photosynthèse avant de reprendre les tailles.<br />
Il est néanmoins envisageable de tailler les essences d&rsquo;arbustes peu rustiques, comme les orangers du Mexique, les lavatères, les véroniques, etc. Sur ces espèces, une taille réalisée en début ou en cours d&rsquo;hiver est risquée si un froid intense intervient après, le gel pouvant causer des dommages importants. Maintenant que les grands froids ne sont plus à craindre, il est possible de tailler ces arbustes.</p>
<div id="attachment_2507" style="width: 330px" class="wp-caption alignleft"><img loading="lazy" decoding="async" aria-describedby="caption-attachment-2507" class="size-medium wp-image-2507" src="https://www.lapetiteloiterie.fr/lpl/wp-content/uploads/P3233863-320x240.jpg" alt="Début de floraison sur un oranger du Mexique" width="320" height="240" srcset="https://www.lapetiteloiterie.fr/lpl/wp-content/uploads/P3233863-320x240.jpg 320w, https://www.lapetiteloiterie.fr/lpl/wp-content/uploads/P3233863-160x120.jpg 160w, https://www.lapetiteloiterie.fr/lpl/wp-content/uploads/P3233863-768x576.jpg 768w, https://www.lapetiteloiterie.fr/lpl/wp-content/uploads/P3233863-1280x960.jpg 1280w, https://www.lapetiteloiterie.fr/lpl/wp-content/uploads/P3233863-624x468.jpg 624w" sizes="auto, (max-width: 320px) 100vw, 320px" /><p id="caption-attachment-2507" class="wp-caption-text">Début de floraison sur un oranger du Mexique</p></div>
<div id="attachment_2508" style="width: 330px" class="wp-caption alignleft"><img loading="lazy" decoding="async" aria-describedby="caption-attachment-2508" class="size-medium wp-image-2508" src="https://www.lapetiteloiterie.fr/lpl/wp-content/uploads/DSC08834-320x240.jpg" alt="Les lavatères seront en fleurs en mai" width="320" height="240" srcset="https://www.lapetiteloiterie.fr/lpl/wp-content/uploads/DSC08834-320x240.jpg 320w, https://www.lapetiteloiterie.fr/lpl/wp-content/uploads/DSC08834-160x120.jpg 160w, https://www.lapetiteloiterie.fr/lpl/wp-content/uploads/DSC08834-768x576.jpg 768w, https://www.lapetiteloiterie.fr/lpl/wp-content/uploads/DSC08834-1280x960.jpg 1280w, https://www.lapetiteloiterie.fr/lpl/wp-content/uploads/DSC08834-624x468.jpg 624w" sizes="auto, (max-width: 320px) 100vw, 320px" /><p id="caption-attachment-2508" class="wp-caption-text">Les lavatères seront en fleurs en mai</p></div>
<h2>Deux exemples</h2>
<p>Sur deux orangers du Mexique (<em>Choizia ternata</em>), nous remettions depuis plusieurs années le recépage de l&rsquo;un et la forte réduction du volume de l&rsquo;autre (le but de ces tailles est de permettre la comparaison avec d&rsquo;autres individus qui n&rsquo;ont jamais été taillés et qui serviront de témoins).<br />
Ces deux arbustes ont une vingtaine d&rsquo;années.</p>
<div id="su_slider_69f2c51b1e460" class="su-slider su-slider-centered su-slider-pages-no su-slider-responsive-yes art_mars_slide su-lightbox-gallery" style="width:100%" data-autoplay="3000" data-speed="600" data-mousewheel="false"><div class="su-slider-slides"><div class="su-slider-slide"><a href="https://www.lapetiteloiterie.fr/lpl/wp-content/uploads/Choizia_avant_recepage.jpg"  title="Oranger du Mexique avant recépage"><img decoding="async" src="https://www.lapetiteloiterie.fr/lpl/wp-content/uploads/Choizia_avant_recepage-600x300.jpg" alt="Oranger du Mexique avant recépage" /><span class="su-slider-slide-title">Oranger du Mexique avant recépage</span></a></div><div class="su-slider-slide"><a href="https://www.lapetiteloiterie.fr/lpl/wp-content/uploads/Choizia_apres_recepage.jpg"  title="Oranger du Mexique après recépage"><img decoding="async" src="https://www.lapetiteloiterie.fr/lpl/wp-content/uploads/Choizia_apres_recepage-600x300.jpg" alt="Oranger du Mexique après recépage" /><span class="su-slider-slide-title">Oranger du Mexique après recépage</span></a></div><div class="su-slider-slide"><a href="https://www.lapetiteloiterie.fr/lpl/wp-content/uploads/Choizia_apres_recepage-detail.jpg"  title="Oranger du Mexique après recépage (détail)"><img decoding="async" src="https://www.lapetiteloiterie.fr/lpl/wp-content/uploads/Choizia_apres_recepage-detail-600x300.jpg" alt="Oranger du Mexique après recépage (détail)" /><span class="su-slider-slide-title">Oranger du Mexique après recépage (détail)</span></a></div></div><div class="su-slider-nav"><div class="su-slider-direction"><span class="su-slider-prev"></span><span class="su-slider-next"></span></div><div class="su-slider-pagination"></div></div></div>
<div id="su_slider_69f2c51b1f0db" class="su-slider su-slider-centered su-slider-pages-no su-slider-responsive-yes art_mars_slide su-lightbox-gallery" style="width:100%" data-autoplay="3000" data-speed="600" data-mousewheel="false"><div class="su-slider-slides"><div class="su-slider-slide"><a href="https://www.lapetiteloiterie.fr/lpl/wp-content/uploads/Choizia_avant_reduction.jpg"  title="Oranger du Mexique avant réduction"><img decoding="async" src="https://www.lapetiteloiterie.fr/lpl/wp-content/uploads/Choizia_avant_reduction-600x300.jpg" alt="Oranger du Mexique avant réduction" /><span class="su-slider-slide-title">Oranger du Mexique avant réduction</span></a></div><div class="su-slider-slide"><a href="https://www.lapetiteloiterie.fr/lpl/wp-content/uploads/Choizia_apres_reduction.jpg"  title="Oranger du Mexique après réduction"><img decoding="async" src="https://www.lapetiteloiterie.fr/lpl/wp-content/uploads/Choizia_apres_reduction-600x300.jpg" alt="Oranger du Mexique après réduction" /><span class="su-slider-slide-title">Oranger du Mexique après réduction</span></a></div><div class="su-slider-slide"><a href="https://www.lapetiteloiterie.fr/lpl/wp-content/uploads/Choizia_apres_reduction-detail.jpg"  title="Oranger du Mexique après réduction (détail)"><img decoding="async" src="https://www.lapetiteloiterie.fr/lpl/wp-content/uploads/Choizia_apres_reduction-detail-600x300.jpg" alt="Oranger du Mexique après réduction (détail)" /><span class="su-slider-slide-title">Oranger du Mexique après réduction (détail)</span></a></div></div><div class="su-slider-nav"><div class="su-slider-direction"><span class="su-slider-prev"></span><span class="su-slider-next"></span></div><div class="su-slider-pagination"></div></div></div>
<p>Celui qui a été recépé n&rsquo;a conservé que quelques jeunes pousses déjà présentes sur la souche ou la base des branches. Tout le reste a été enlevé.<br />
L&rsquo;autre a été diminué fortement, les coupes ont été faites à chaque fois au-dessus d&rsquo;une pousse existante. Le volume a été réduit des deux tiers. L&rsquo;arbuste ainsi taillé reste partiellement folié, l&rsquo;intervention est moins drastique que le recépage. Par contre, elle est plus longue à réaliser car il faut à chaque fois repérer les ramifications ou les rejets existants qui peuvent servir de relais.</p>
<h2>Ou encore&#8230;</h2>
<div id="attachment_2519" style="width: 330px" class="wp-caption alignleft"><img loading="lazy" decoding="async" aria-describedby="caption-attachment-2519" class="size-medium wp-image-2519" src="https://www.lapetiteloiterie.fr/lpl/wp-content/uploads/P3233885-320x240.jpg" alt="" width="320" height="240" srcset="https://www.lapetiteloiterie.fr/lpl/wp-content/uploads/P3233885-320x240.jpg 320w, https://www.lapetiteloiterie.fr/lpl/wp-content/uploads/P3233885-160x120.jpg 160w, https://www.lapetiteloiterie.fr/lpl/wp-content/uploads/P3233885-768x576.jpg 768w, https://www.lapetiteloiterie.fr/lpl/wp-content/uploads/P3233885-1280x960.jpg 1280w, https://www.lapetiteloiterie.fr/lpl/wp-content/uploads/P3233885-624x468.jpg 624w" sizes="auto, (max-width: 320px) 100vw, 320px" /><p id="caption-attachment-2519" class="wp-caption-text">Une spirée en tout début de floraison</p></div>
<p>Il est aussi possible de procéder en ce moment à l&rsquo;éclaircie des arbustes buissonnants, ceux qui forment spontanément des rejets sur la souche et sont généralement qualifiés de basitones (spirées, forsythia, seringats, deutzia, etc.)<br />
La perte du potentiel de floraison sera minime si la floraison qui s&rsquo;effectue sur les rameaux de l&rsquo;an dernier n&rsquo;a pas encore eu lieu ou si elle en est à ses débuts et que l&rsquo;on se contente d&rsquo;enlever les branches les plus vieilles.</p>
<p>Cette intervention est même préférable à une taille plus tardive, qui serait faite en mai par exemple&nbsp;: il y aurait alors un fort risque de casser les jeunes rejets déjà apparus sur la souche et, en cas de printemps sec et chaud, les arbustes seraient moins réactifs pour renouveler leurs branches.<br />
Ainsi, des études statistiques menées pendant plus de 10 ans par le réseau des <a href="https://www.lapetiteloiterie.fr/lpl/acteurs/partenaires/#arbusti">Arbusticulteurs</a> ont montré sur plusieurs essences (forsythia, seringat, weigelia) que les tailles d&rsquo;éclaircie sur souche effectuées chaque année en hiver ne diminuaient que très peu le potentiel de floraison des arbustes. Des observations menées sur de nombreuses autres essences ont confirmé ces résultats.</p>

<p>Pour commencer&#8230; Il faut éviter de tailler les arbres et les arbustes qui sont en cours de débourrement&nbsp;: en effet, les réserves utilisées pour l&rsquo;ouverture des bourgeons et le déploiement des jeunes pousses sont perdues si une taille significative est réalisée. Il est nettement préférable d&rsquo;attendre que les premières feuilles apparues soient totalement déployées et [&hellip;]</p>
