{"id":27,"date":"2013-10-23T19:35:08","date_gmt":"2013-10-23T17:35:08","guid":{"rendered":"http:\/\/lapetiteloiterie.fr\/lpl\/?page_id=27"},"modified":"2019-08-21T08:04:18","modified_gmt":"2019-08-21T06:04:18","slug":"presentation","status":"publish","type":"page","link":"https:\/\/www.lapetiteloiterie.fr\/lpl\/presentation\/","title":{"rendered":"Pr\u00e9sentation de l&rsquo;arboretum"},"content":{"rendered":"<p>L&rsquo;arboretum de La Petite Loiterie a \u00e9t\u00e9 cr\u00e9\u00e9 pour r\u00e9pondre \u00e0 plusieurs <a href=\"http:\/\/www.lapetiteloiterie.fr\/lpl\/presentation\/objectifs\/\" title=\"Les objectifs\">objectifs<\/a>.<\/p>\n<p>Les v\u00e9g\u00e9taux y sont dispos\u00e9s selon un <a href=\"http:\/\/www.lapetiteloiterie.fr\/lpl\/presentation\/principe-plantation\/\" title=\"Le principe de plantation\">principe de plantation<\/a> tr\u00e8s original, et, bien qu&rsquo;il soit encore jeune, cet arboretum a d\u00e9j\u00e0 toute une <a href=\"http:\/\/www.lapetiteloiterie.fr\/lpl\/presentation\/histoire\/\" title=\"Un peu d\u2019histoire\">histoire<\/a>&#8230;<\/p>\n<p>Sa <a href=\"http:\/\/www.lapetiteloiterie.fr\/lpl\/presentation\/geographie\/\" title=\"Quelques donn\u00e9es g\u00e9ographiques\">situation g\u00e9ographique<\/a> et ses diff\u00e9rents <a href=\"http:\/\/www.lapetiteloiterie.fr\/lpl\/presentation\/milieux\/\" title=\"\u00c9cologie et milieux\">milieux<\/a> ont permis de mettre en place une palette v\u00e9g\u00e9tale importante&nbsp;: voyez la liste des <a href=\"http:\/\/www.lapetiteloiterie.fr\/lpl\/presentation\/especes\/\" title=\"Les esp\u00e8ces pr\u00e9sentes\">esp\u00e8ces pr\u00e9sentes<\/a>&nbsp;!<\/p>\n<p><a href=\"http:\/\/www.lapetiteloiterie.fr\/lpl\/presentation\/definition\/\" title=\"Qu\u2019est-ce qu\u2019un arboretum?\">Qu&rsquo;est-ce qu&rsquo;un arboretum&nbsp;?<\/a> est peut-\u00eatre l&rsquo;une des premi\u00e8res questions que se pose le visiteur de ce site&#8230;<\/p>\n<p>La Petite Loiterie en quelques chiffres&nbsp;:<\/p>\n<ul>\n<li>12 hectares de parc,<\/li>\n<li>8,5 hectares de bois,<\/li>\n<li>un \u00e9tang et 7 mares,<\/li>\n<li>2 kilom\u00e8tres de haies et bandes bois\u00e9es,<\/li>\n<li>et plus de 2000 esp\u00e8ces et vari\u00e9t\u00e9s d&rsquo;arbres et arbustes&#8230;<\/li>\n<\/ul>\n","protected":false},"excerpt":{"rendered":"<p>L&rsquo;arboretum de La Petite Loiterie a \u00e9t\u00e9 cr\u00e9\u00e9 pour r\u00e9pondre \u00e0 plusieurs objectifs. Les v\u00e9g\u00e9taux y sont dispos\u00e9s selon un principe de plantation tr\u00e8s original, et, bien qu&rsquo;il soit encore jeune, cet arboretum a d\u00e9j\u00e0 toute une histoire&#8230; Sa situation g\u00e9ographique et ses diff\u00e9rents milieux ont permis de mettre en place une palette v\u00e9g\u00e9tale importante&nbsp;: [&hellip;]<\/p>\n","protected":false},"author":1,"featured_media":662,"parent":0,"menu_order":2,"comment_status":"closed","ping_status":"closed","template":"","meta":{"footnotes":""},"class_list":["post-27","page","type-page","status-publish","has-post-thumbnail","hentry"],"_links":{"self":[{"href":"https:\/\/www.lapetiteloiterie.fr\/lpl\/wp-json\/wp\/v2\/pages\/27","targetHints":{"allow":["GET"]}}],"collection":[{"href":"https:\/\/www.lapetiteloiterie.fr\/lpl\/wp-json\/wp\/v2\/pages"}],"about":[{"href":"https:\/\/www.lapetiteloiterie.fr\/lpl\/wp-json\/wp\/v2\/types\/page"}],"author":[{"embeddable":true,"href":"https:\/\/www.lapetiteloiterie.fr\/lpl\/wp-json\/wp\/v2\/users\/1"}],"replies":[{"embeddable":true,"href":"https:\/\/www.lapetiteloiterie.fr\/lpl\/wp-json\/wp\/v2\/comments?post=27"}],"version-history":[{"count":14,"href":"https:\/\/www.lapetiteloiterie.fr\/lpl\/wp-json\/wp\/v2\/pages\/27\/revisions"}],"predecessor-version":[{"id":2344,"href":"https:\/\/www.lapetiteloiterie.fr\/lpl\/wp-json\/wp\/v2\/pages\/27\/revisions\/2344"}],"wp:featuredmedia":[{"embeddable":true,"href":"https:\/\/www.lapetiteloiterie.fr\/lpl\/wp-json\/wp\/v2\/media\/662"}],"wp:attachment":[{"href":"https:\/\/www.lapetiteloiterie.fr\/lpl\/wp-json\/wp\/v2\/media?parent=27"}],"curies":[{"name":"wp","href":"https:\/\/api.w.org\/{rel}","templated":true}]}}

Présentation de l&rsquo;arboretum

<p>L&rsquo;arboretum de La Petite Loiterie a été créé pour répondre à plusieurs <a href="http://www.lapetiteloiterie.fr/lpl/presentation/objectifs/" title="Les objectifs">objectifs</a>.</p>
<p>Les végétaux y sont disposés selon un <a href="http://www.lapetiteloiterie.fr/lpl/presentation/principe-plantation/" title="Le principe de plantation">principe de plantation</a> très original, et, bien qu&rsquo;il soit encore jeune, cet arboretum a déjà toute une <a href="http://www.lapetiteloiterie.fr/lpl/presentation/histoire/" title="Un peu d’histoire">histoire</a>&#8230;</p>
<p>Sa <a href="http://www.lapetiteloiterie.fr/lpl/presentation/geographie/" title="Quelques données géographiques">situation géographique</a> et ses différents <a href="http://www.lapetiteloiterie.fr/lpl/presentation/milieux/" title="Écologie et milieux">milieux</a> ont permis de mettre en place une palette végétale importante&nbsp;: voyez la liste des <a href="http://www.lapetiteloiterie.fr/lpl/presentation/especes/" title="Les espèces présentes">espèces présentes</a>&nbsp;!</p>
<p><a href="http://www.lapetiteloiterie.fr/lpl/presentation/definition/" title="Qu’est-ce qu’un arboretum?">Qu&rsquo;est-ce qu&rsquo;un arboretum&nbsp;?</a> est peut-être l&rsquo;une des premières questions que se pose le visiteur de ce site&#8230;</p>
<p>La Petite Loiterie en quelques chiffres&nbsp;:</p>
<ul>
<li>12 hectares de parc,</li>
<li>8,5 hectares de bois,</li>
<li>un étang et 7 mares,</li>
<li>2 kilomètres de haies et bandes boisées,</li>
<li>et plus de 2000 espèces et variétés d&rsquo;arbres et arbustes&#8230;</li>
</ul>

<p>L&rsquo;arboretum de La Petite Loiterie a été créé pour répondre à plusieurs objectifs. Les végétaux y sont disposés selon un principe de plantation très original, et, bien qu&rsquo;il soit encore jeune, cet arboretum a déjà toute une histoire&#8230; Sa situation géographique et ses différents milieux ont permis de mettre en place une palette végétale importante&nbsp;: [&hellip;]</p>
