{"id":87,"date":"2013-10-23T22:21:42","date_gmt":"2013-10-23T20:21:42","guid":{"rendered":"http:\/\/www.lapetiteloiterie.fr\/lpl\/?page_id=87"},"modified":"2015-04-28T23:37:21","modified_gmt":"2015-04-28T21:37:21","slug":"createurs","status":"publish","type":"page","link":"https:\/\/www.lapetiteloiterie.fr\/lpl\/acteurs\/createurs\/","title":{"rendered":"Les cr\u00e9ateurs"},"content":{"rendered":"<h2>Jac Boutaud<\/h2>\n<p>Passionn\u00e9 d&rsquo;arbres depuis toujours, il est \u00e0 l&rsquo;origine de ce projet de parc p\u00e9dagogique, qui est en \u00e9troite liaison avec ses diff\u00e9rentes activit\u00e9s.<\/p>\n<ul>\n<li>responsable de la gestion du patrimoine arbor\u00e9 de la ville de Tours,<\/li>\n<li>formateur, pour les mati\u00e8res techniques horticoles, aupr\u00e8s de divers \u00e9coles et centres de formation&nbsp;: C.F.P.P.A. de Tours-Fondettes(37), C.F.P.P.A. de Lomme (59), Ecole Nationale Sup\u00e9rieure du Paysage de Versailles (78) Conservatoire International des Parcs et Jardins et du Paysage de Chaumont-sur-Loire (41), Ecole Nationale du G\u00e9nie Rural et des Eaux et For\u00eats \u00e0 l\u2019Arboretum des Barres (45)&#8230;,<\/li>\n<li>anciennement responsable technique au sein de la soci\u00e9t\u00e9 V\u00e9g\u00e9tude, bureau d&rsquo;\u00e9tudes sp\u00e9cialis\u00e9 dans la conception et la ma\u00eetrise d&rsquo;oeuvre paysag\u00e8re,<\/li>\n<li>ancien collaborateur de l&rsquo;Institut pour le D\u00e9veloppement Forestier (I.D.F.), pour la r\u00e9daction d&rsquo;un ouvrage collectif sur les arbres urbains (\u00ab\u00a0l&rsquo;arboriculture urbaine\u00a0\u00bb) et la r\u00e9alisation d&rsquo;une base de donn\u00e9es informatique sur les v\u00e9g\u00e9taux ligneux (Essor),<\/li>\n<li>anciennement Charg\u00e9 de Missions au Conseil d&rsquo;Architecture, d&rsquo;Urbanisme et de l&rsquo;Environnement (C.A.U.E.) de Loire Atlantique, pour des missions d&rsquo;assistance paysag\u00e8re aux Collectivit\u00e9s locales,<\/li>\n<li>membre de&nbsp;:\n<ul>\n<li>l&rsquo;association des Arbusticulteurs, qu&rsquo;il a cofond\u00e9,<\/li>\n<li>la Soci\u00e9t\u00e9 d&rsquo;Horticulture de Touraine (SHOT),<\/li>\n<li>l&rsquo;Association des Jardins Botaniques de France (JBF),<\/li>\n<li>l&rsquo;Association des Parcs Botaniques de France (APBF),<\/li>\n<li>la Soci\u00e9t\u00e9 Fran\u00e7aise d&rsquo;Arboriculture (SFA),<\/li>\n<li>la Soci\u00e9t\u00e9 d&rsquo;Etude, de Protection et d&rsquo;Am\u00e9nagement de la Nature en Touraine (SEPANT).<\/li>\n<\/ul>\n<\/li>\n<\/ul>\n<h2>Annie Imbaud<\/h2>\n<p>Ing\u00e9nieure informaticienne, arboriste amateur, elle est impliqu\u00e9e dans le projet paysager d\u2019ensemble, mais s\u2019occupe plus particuli\u00e8rement de la logistique (organisation, financements, d\u00e9veloppement).<br \/>\nElle a r\u00e9alis\u00e9 la base de donn\u00e9es informatique des arbres de l&rsquo;arboretum, ainsi que&#8230; ce modeste site internet. <\/p>\n","protected":false},"excerpt":{"rendered":"<p>Jac Boutaud Passionn\u00e9 d&rsquo;arbres depuis toujours, il est \u00e0 l&rsquo;origine de ce projet de parc p\u00e9dagogique, qui est en \u00e9troite liaison avec ses diff\u00e9rentes activit\u00e9s. responsable de la gestion du patrimoine arbor\u00e9 de la ville de Tours, formateur, pour les mati\u00e8res techniques horticoles, aupr\u00e8s de divers \u00e9coles et centres de formation&nbsp;: C.F.P.P.A. de Tours-Fondettes(37), C.F.P.P.A. [&hellip;]<\/p>\n","protected":false},"author":1,"featured_media":685,"parent":31,"menu_order":1,"comment_status":"closed","ping_status":"closed","template":"","meta":{"footnotes":""},"class_list":["post-87","page","type-page","status-publish","has-post-thumbnail","hentry"],"_links":{"self":[{"href":"https:\/\/www.lapetiteloiterie.fr\/lpl\/wp-json\/wp\/v2\/pages\/87","targetHints":{"allow":["GET"]}}],"collection":[{"href":"https:\/\/www.lapetiteloiterie.fr\/lpl\/wp-json\/wp\/v2\/pages"}],"about":[{"href":"https:\/\/www.lapetiteloiterie.fr\/lpl\/wp-json\/wp\/v2\/types\/page"}],"author":[{"embeddable":true,"href":"https:\/\/www.lapetiteloiterie.fr\/lpl\/wp-json\/wp\/v2\/users\/1"}],"replies":[{"embeddable":true,"href":"https:\/\/www.lapetiteloiterie.fr\/lpl\/wp-json\/wp\/v2\/comments?post=87"}],"version-history":[{"count":5,"href":"https:\/\/www.lapetiteloiterie.fr\/lpl\/wp-json\/wp\/v2\/pages\/87\/revisions"}],"predecessor-version":[{"id":1577,"href":"https:\/\/www.lapetiteloiterie.fr\/lpl\/wp-json\/wp\/v2\/pages\/87\/revisions\/1577"}],"up":[{"embeddable":true,"href":"https:\/\/www.lapetiteloiterie.fr\/lpl\/wp-json\/wp\/v2\/pages\/31"}],"wp:featuredmedia":[{"embeddable":true,"href":"https:\/\/www.lapetiteloiterie.fr\/lpl\/wp-json\/wp\/v2\/media\/685"}],"wp:attachment":[{"href":"https:\/\/www.lapetiteloiterie.fr\/lpl\/wp-json\/wp\/v2\/media?parent=87"}],"curies":[{"name":"wp","href":"https:\/\/api.w.org\/{rel}","templated":true}]}}